{"id":44879,"date":"2022-12-30T21:11:42","date_gmt":"2022-12-30T21:11:42","guid":{"rendered":"https:\/\/www.northafricatrees.org\/especies\/avicennia-germinans-l-l\/"},"modified":"2022-12-31T10:38:12","modified_gmt":"2022-12-31T10:38:12","slug":"avicennia-germinans-l-l","status":"publish","type":"species","link":"https:\/\/www.northafricatrees.org\/fr\/esp\u00e8ce\/avicennia-germinans-l-l\/","title":{"rendered":"Avicennia germinans (L.) L."},"content":{"rendered":"<p>Arbuste ou petit arbre \u00e0 feuilles persistantes, hermaphrodite, de 3-10(15) m de haut, au tronc tr\u00e8s ramifi\u00e9, \u00e0 \u00e9corce noire ou brun fonc\u00e9 \u00e0 brun rouge\u00e2tre fonc\u00e9 ou grise, lisse, l\u00e9g\u00e8rement fissur\u00e9e longitudinalement et assez \u00e9cailleuse. Cime arrondie. Abondantes racines a\u00e9riennes respiratoires verticales (pneumatophores), petites, \u00e9lanc\u00e9es, atteignant 20(30) cm de haut, r\u00e9parties dans un rayon allant jusqu&rsquo;\u00e0 10(15) m autour de l&rsquo;arbre. A l&rsquo;extr\u00eame nord de l&rsquo;Afrique, en Mauritanie, les sp\u00e9cimens ne sont pas tr\u00e8s gros et ne pr\u00e9sentent pratiquement pas de pneumatophores. Feuilles oppos\u00e9es, coriaces, \u00e0 p\u00e9tiole de 2-15(27) mm, sans stipules. Feuilles (3)4,5-12(15) x 1,5-4,4 cm, lanc\u00e9ol\u00e9es ou lanc\u00e9ol\u00e9es-oblongues \u00e0 oblongues, elliptiques ou obovales, \u00e0 apex aigu ou obtus, se r\u00e9tr\u00e9cissant progressivement vers la base, en forme de coin, enti\u00e8res, glabres et vert intense sur la face sup\u00e9rieure, avec des poils courts appliqu\u00e9s et plus clairs sur la face inf\u00e9rieure. Inflorescences en cymes axillaires ou terminales, avec 1 \u00e0 15 paires de fleurs par \u00e9pi, et un p\u00e9doncule de section quadrangulaire. Fleurs sessiles, de 1 \u00e0 2 cm de diam\u00e8tre, actinomorphes ; calice \u00e0 cinq s\u00e9pales, de 3-5 x 2-3 mm, orbiculaire ou largement ovale, concave, hirsute et cili\u00e9 ; corolle gamop\u00e9tale, avec un tube un peu plus long que les s\u00e9pales et 4 lobes ovales blanch\u00e2tres (initialement jaun\u00e2tres puis blancs) avec l&rsquo;int\u00e9rieur de la corolle jaun\u00e2tre ou orange ; androc\u00e9e \u00e0 quatre \u00e9tamines ins\u00e9r\u00e9es dans la gorge, alternant avec les lobes de la corolle, \u00e0 filet court. Le fruit (1,2-4 x 0,7-1,5 cm) est une capsule bivalve ovale \u00e0 elliptique, l\u00e9g\u00e8rement aplatie, asym\u00e9trique, apicul\u00e9e, glabre ou l\u00e9g\u00e8rement s\u00e9ric\u00e9e-tomenteuse. \u00c0 l&rsquo;int\u00e9rieur, il contient une seule graine qui germe avant que le fruit tombe.<\/p>\n","protected":false},"featured_media":0,"template":"","short_name":"Avicennia germinans","name_html":"<strong>Avicennia germinans <\/strong>(L.) L.","short_description":"","common_names":"<em>Bontia germinans<\/em> L., <em>Avicennia africana<\/em> P.Beauv., <em>Avicennia nitida<\/em> Jacq., <em>Avicennia tomentosa<\/em> Jacq.","other_name":"<em>Fra<\/em>.: Pal\u00e9tuvier blanc (en raison de ses feuilles plus claires que les autres esp\u00e8ces de la mangrove), pal\u00e9tuvier noir (en raison de son \u00e9corce noir\u00e2tre).<em>\u00a0\u00a0 <\/em><em>Esp<\/em>.: Mangle prieto, mangle blanco, mangle negro.<em>\u00a0\u00a0 Ang.<\/em>: Black mangrove.","flowering":"d\u00e9cembre-f\u00e9vrier.","fruiting":"Selon les r\u00e9gions, les fruits peuvent \u00eatre vus sur les arbres presque toute l'ann\u00e9e.","habitat":"Estuaires fluviaux, c\u00f4tes, sur sols argilo-sableux \u00e0 forte salinit\u00e9, dans la zone intertidale, faisant partie de la v\u00e9g\u00e9tation de la mangrove dans les zones c\u00f4ti\u00e8res tropicales.","distribution":"Largement distribu\u00e9 dans les zones c\u00f4ti\u00e8res tropicales et subtropicales de l'Afrique de l'Ouest et de l'Am\u00e9rique (\u00e0 la fois sur les versants de l'Atlantique et du Pacifique). En Afrique, il appara\u00eet dans toute sa zone tropicale occidentale, o\u00f9 il atteint le nord dans le PN d'Arguin (Mauritanie) et le sud en Angola.","observations":"","conservation":"Esp\u00e8ce de moins en moins commune et de plus en plus menac\u00e9e, car vivant dans des zones c\u00f4ti\u00e8res qui subissent une pression humaine croissante. Consid\u00e9r\u00e9e comme de Pr\u00e9occupation mineure (LC) \u00e0 l\u2019\u00e9chelle mondiale dans la Liste rouge des esp\u00e8ces de l\u2019UICN (Ellison <em>et al<\/em>.) 2010).","genus":false,"images":false,"map_legend":"","kml":false,"zone_1":"","zone_2":"","zone_3":"","zone_4":"","zone_5":"","zone_6":"","zone_7":"","zone_8":"","zone_9":"","zone_10":"","zone_11":"","zone_12":"","yoast_head":"<!-- This site is optimized with the Yoast SEO plugin v15.6.2 - https:\/\/yoast.com\/wordpress\/plugins\/seo\/ -->\n<title>Avicennia germinans (L.) L. - North Africa Trees<\/title>\n<meta name=\"robots\" content=\"noindex, follow\" \/>\n<meta property=\"og:locale\" content=\"fr_FR\" \/>\n<meta property=\"og:type\" content=\"article\" \/>\n<meta property=\"og:title\" content=\"Avicennia germinans (L.) L. - North Africa Trees\" \/>\n<meta property=\"og:description\" content=\"Arbuste ou petit arbre \u00e0 feuilles persistantes, hermaphrodite, de 3-10(15) m de haut, au tronc tr\u00e8s ramifi\u00e9, \u00e0 \u00e9corce noire ou brun fonc\u00e9 \u00e0 brun rouge\u00e2tre fonc\u00e9 ou grise, lisse, l\u00e9g\u00e8rement fissur\u00e9e longitudinalement et assez \u00e9cailleuse. Cime arrondie. Abondantes racines a\u00e9riennes respiratoires verticales (pneumatophores), petites, \u00e9lanc\u00e9es, atteignant 20(30) cm de haut, r\u00e9parties dans un rayon...\" \/>\n<meta property=\"og:url\" content=\"https:\/\/www.northafricatrees.org\/fr\/esp\u00e8ce\/avicennia-germinans-l-l\/\" \/>\n<meta property=\"og:site_name\" content=\"North Africa Trees\" \/>\n<meta property=\"article:modified_time\" content=\"2022-12-31T10:38:12+00:00\" \/>\n<meta name=\"twitter:card\" content=\"summary_large_image\" \/>\n<meta name=\"twitter:label1\" content=\"Dur\u00e9e de lecture est.\">\n\t<meta name=\"twitter:data1\" content=\"2 minutes\">\n<script type=\"application\/ld+json\" class=\"yoast-schema-graph\">{\"@context\":\"https:\/\/schema.org\",\"@graph\":[{\"@type\":\"Organization\",\"@id\":\"https:\/\/www.northafricatrees.org\/#organization\",\"name\":\"North \\u00e1frica trees\",\"url\":\"https:\/\/www.northafricatrees.org\/\",\"sameAs\":[],\"logo\":{\"@type\":\"ImageObject\",\"@id\":\"https:\/\/www.northafricatrees.org\/#logo\",\"inLanguage\":\"fr-FR\",\"url\":\"https:\/\/www.northafricatrees.org\/wp-content\/uploads\/2020\/10\/logo-north-africa-trees.png\",\"width\":80,\"height\":70,\"caption\":\"North \\u00e1frica trees\"},\"image\":{\"@id\":\"https:\/\/www.northafricatrees.org\/#logo\"}},{\"@type\":\"WebSite\",\"@id\":\"https:\/\/www.northafricatrees.org\/#website\",\"url\":\"https:\/\/www.northafricatrees.org\/\",\"name\":\"North Africa Trees\",\"description\":\"\\u00c1rboles y arbustos aut\\u00f3ctonos del Norte de \\u00c1frica\",\"publisher\":{\"@id\":\"https:\/\/www.northafricatrees.org\/#organization\"},\"potentialAction\":[{\"@type\":\"SearchAction\",\"target\":\"https:\/\/www.northafricatrees.org\/?s={search_term_string}\",\"query-input\":\"required name=search_term_string\"}],\"inLanguage\":\"fr-FR\"},{\"@type\":\"WebPage\",\"@id\":\"https:\/\/www.northafricatrees.org\/fr\/esp\\u00e8ce\/avicennia-germinans-l-l\/#webpage\",\"url\":\"https:\/\/www.northafricatrees.org\/fr\/esp\\u00e8ce\/avicennia-germinans-l-l\/\",\"name\":\"Avicennia germinans (L.) L. - North Africa Trees\",\"isPartOf\":{\"@id\":\"https:\/\/www.northafricatrees.org\/#website\"},\"datePublished\":\"2022-12-30T21:11:42+00:00\",\"dateModified\":\"2022-12-31T10:38:12+00:00\",\"inLanguage\":\"fr-FR\",\"potentialAction\":[{\"@type\":\"ReadAction\",\"target\":[\"https:\/\/www.northafricatrees.org\/fr\/esp\\u00e8ce\/avicennia-germinans-l-l\/\"]}]}]}<\/script>\n<!-- \/ Yoast SEO plugin. -->","_links":{"self":[{"href":"https:\/\/www.northafricatrees.org\/fr\/wp-json\/wp\/v2\/species\/44879"}],"collection":[{"href":"https:\/\/www.northafricatrees.org\/fr\/wp-json\/wp\/v2\/species"}],"about":[{"href":"https:\/\/www.northafricatrees.org\/fr\/wp-json\/wp\/v2\/types\/species"}],"wp:attachment":[{"href":"https:\/\/www.northafricatrees.org\/fr\/wp-json\/wp\/v2\/media?parent=44879"}],"curies":[{"name":"wp","href":"https:\/\/api.w.org\/{rel}","templated":true}]}}

https://www.northafricatrees.org/fr/espèce/avicennia-germinans-l-l/

<p>Arbuste ou petit arbre à feuilles persistantes, hermaphrodite, de 3-10(15) m de haut, au tronc très ramifié, à écorce noire ou brun foncé à brun rougeâtre foncé ou grise, lisse, légèrement fissurée longitudinalement et assez écailleuse. Cime arrondie. Abondantes racines aériennes respiratoires verticales (pneumatophores), petites, élancées, atteignant 20(30) cm de haut, réparties dans un rayon allant jusqu&rsquo;à 10(15) m autour de l&rsquo;arbre. A l&rsquo;extrême nord de l&rsquo;Afrique, en Mauritanie, les spécimens ne sont pas très gros et ne présentent pratiquement pas de pneumatophores. Feuilles opposées, coriaces, à pétiole de 2-15(27) mm, sans stipules. Feuilles (3)4,5-12(15) x 1,5-4,4 cm, lancéolées ou lancéolées-oblongues à oblongues, elliptiques ou obovales, à apex aigu ou obtus, se rétrécissant progressivement vers la base, en forme de coin, entières, glabres et vert intense sur la face supérieure, avec des poils courts appliqués et plus clairs sur la face inférieure. Inflorescences en cymes axillaires ou terminales, avec 1 à 15 paires de fleurs par épi, et un pédoncule de section quadrangulaire. Fleurs sessiles, de 1 à 2 cm de diamètre, actinomorphes ; calice à cinq sépales, de 3-5 x 2-3 mm, orbiculaire ou largement ovale, concave, hirsute et cilié ; corolle gamopétale, avec un tube un peu plus long que les sépales et 4 lobes ovales blanchâtres (initialement jaunâtres puis blancs) avec l&rsquo;intérieur de la corolle jaunâtre ou orange ; androcée à quatre étamines insérées dans la gorge, alternant avec les lobes de la corolle, à filet court. Le fruit (1,2-4 x 0,7-1,5 cm) est une capsule bivalve ovale à elliptique, légèrement aplatie, asymétrique, apiculée, glabre ou légèrement séricée-tomenteuse. À l&rsquo;intérieur, il contient une seule graine qui germe avant que le fruit tombe.</p>

<em>Fra</em>.: Palétuvier blanc (en raison de ses feuilles plus claires que les autres espèces de la mangrove), palétuvier noir (en raison de son écorce noirâtre).<em>   </em><em>Esp</em>.: Mangle prieto, mangle blanco, mangle negro.<em>   Ang.</em>: Black mangrove.

décembre-février.

Selon les régions, les fruits peuvent être vus sur les arbres presque toute l'année.

Estuaires fluviaux, côtes, sur sols argilo-sableux à forte salinité, dans la zone intertidale, faisant partie de la végétation de la mangrove dans les zones côtières tropicales.

Largement distribué dans les zones côtières tropicales et subtropicales de l'Afrique de l'Ouest et de l'Amérique (à la fois sur les versants de l'Atlantique et du Pacifique). En Afrique, il apparaît dans toute sa zone tropicale occidentale, où il atteint le nord dans le PN d'Arguin (Mauritanie) et le sud en Angola.

Espèce de moins en moins commune et de plus en plus menacée, car vivant dans des zones côtières qui subissent une pression humaine croissante. Considérée comme de Préoccupation mineure (LC) à l’échelle mondiale dans la Liste rouge des espèces de l’UICN (Ellison <em>et al</em>.) 2010).

<!-- This site is optimized with the Yoast SEO plugin v15.6.2 - https://yoast.com/wordpress/plugins/seo/ -->
<title>Avicennia germinans (L.) L. - North Africa Trees</title>
<meta name="robots" content="noindex, follow" />
<meta property="og:locale" content="fr_FR" />
<meta property="og:type" content="article" />
<meta property="og:title" content="Avicennia germinans (L.) L. - North Africa Trees" />
<meta property="og:description" content="Arbuste ou petit arbre à feuilles persistantes, hermaphrodite, de 3-10(15) m de haut, au tronc très ramifié, à écorce noire ou brun foncé à brun rougeâtre foncé ou grise, lisse, légèrement fissurée longitudinalement et assez écailleuse. Cime arrondie. Abondantes racines aériennes respiratoires verticales (pneumatophores), petites, élancées, atteignant 20(30) cm de haut, réparties dans un rayon..." />
<meta property="og:url" content="https://www.northafricatrees.org/fr/espèce/avicennia-germinans-l-l/" />
<meta property="og:site_name" content="North Africa Trees" />
<meta property="article:modified_time" content="2022-12-31T10:38:12+00:00" />
<meta name="twitter:card" content="summary_large_image" />
<meta name="twitter:label1" content="Durée de lecture est.">
	<meta name="twitter:data1" content="2 minutes">
<script type="application/ld+json" class="yoast-schema-graph">{"@context":"https://schema.org","@graph":[{"@type":"Organization","@id":"https://www.northafricatrees.org/#organization","name":"North \u00e1frica trees","url":"https://www.northafricatrees.org/","sameAs":[],"logo":{"@type":"ImageObject","@id":"https://www.northafricatrees.org/#logo","inLanguage":"fr-FR","url":"https://www.northafricatrees.org/wp-content/uploads/2020/10/logo-north-africa-trees.png","width":80,"height":70,"caption":"North \u00e1frica trees"},"image":{"@id":"https://www.northafricatrees.org/#logo"}},{"@type":"WebSite","@id":"https://www.northafricatrees.org/#website","url":"https://www.northafricatrees.org/","name":"North Africa Trees","description":"\u00c1rboles y arbustos aut\u00f3ctonos del Norte de \u00c1frica","publisher":{"@id":"https://www.northafricatrees.org/#organization"},"potentialAction":[{"@type":"SearchAction","target":"https://www.northafricatrees.org/?s={search_term_string}","query-input":"required name=search_term_string"}],"inLanguage":"fr-FR"},{"@type":"WebPage","@id":"https://www.northafricatrees.org/fr/esp\u00e8ce/avicennia-germinans-l-l/#webpage","url":"https://www.northafricatrees.org/fr/esp\u00e8ce/avicennia-germinans-l-l/","name":"Avicennia germinans (L.) L. - North Africa Trees","isPartOf":{"@id":"https://www.northafricatrees.org/#website"},"datePublished":"2022-12-30T21:11:42+00:00","dateModified":"2022-12-31T10:38:12+00:00","inLanguage":"fr-FR","potentialAction":[{"@type":"ReadAction","target":["https://www.northafricatrees.org/fr/esp\u00e8ce/avicennia-germinans-l-l/"]}]}]}</script>
<!-- / Yoast SEO plugin. -->
