{"id":42979,"date":"2021-12-02T16:53:14","date_gmt":"2021-12-02T16:53:14","guid":{"rendered":"https:\/\/www.northafricatrees.org\/especies\/laurus-azorica-seub-j-franco\/"},"modified":"2022-12-25T19:52:21","modified_gmt":"2022-12-25T19:52:21","slug":"laurus-azorica-seub-j-franco","status":"publish","type":"species","link":"https:\/\/www.northafricatrees.org\/fr\/esp\u00e8ce\/laurus-azorica-seub-j-franco\/","title":{"rendered":"Laurus azorica (Seub.) J. Franco"},"content":{"rendered":"<p>Petit arbre \u00e0 feuilles persistantes, dio\u00efque, atteignant jusqu\u2019\u00e0 10 m de haut (jusqu\u2019\u00e0 20 m dans de bonnes conditions de climat et de sol), \u00e0 feuillage dense et port irr\u00e9gulier. Le tronc est plus ou moins droit, \u00e0 \u00e9corce lisse et tr\u00e8s mince, de couleur gris\u00e2tre ou presque noire. Branches dress\u00e9es, robustes. Rameaux jeunes dens\u00e9ment villeux, avec de nombreux poils jaun\u00e2tres et ferrugineux. Feuilles jusqu&rsquo;\u00e0 17 x 8 cm un peu coriaces, suborbiculaires (dans le Haut-Atlas Maire a d\u00e9crit la f. <em>rotundifolia<\/em>) \u00e0 lanc\u00e9ol\u00e9es, hirsutes-tomenteuses quand elles sont jeunes, puis glabrescentes, avec la marge enti\u00e8re et l\u00e9g\u00e8rement ondul\u00e9e, de couleur vert fonc\u00e9 sur l\u2019endroit un peu glauques sur l\u2019envers ; elles croissent oppos\u00e9es sur un court p\u00e9dicelle (0,5-1,5 cm). Les fleurs m\u00e2les naissent group\u00e9es en une sorte d&rsquo;ombelle \u00e0 l&rsquo;aisselle des feuilles, et sont form\u00e9es par 4 pi\u00e8ces p\u00e9talo\u00efdes (3-4,5 \u00d7 1,5-2 mm), oblongues, de couleur blanc-jaun\u00e2tre, \u00e0 16-20 \u00e9tamines. Les fleurs femelles sont tr\u00e8s semblables, mais au lieu des \u00e9tamines, elles ont 4 filaments st\u00e9riles qui naissent autour d&rsquo;un ovaire subsessile verd\u00e2tre. Le fruit est une baie charnue (10-20 mm), ovo\u00efde, de couleur noire.<\/p>\n","protected":false},"featured_media":0,"template":"","short_name":"Laurus azorica","name_html":"<strong>Laurus azorica <\/strong>(Seub.) J. Franco","short_description":"","common_names":"<em>Persea azorica<\/em> Seub.","other_name":"<em>Fra.: Laurier sauce, laurier d'Apollon.\u00a0\u00a0\u00a0 Esp<\/em>.: Laurel, loro.\u00a0\u00a0 <em>Ing.<\/em>: Bay leaf tree, bay tree, laurel.<em>\u00a0\u00a0 <\/em><em>Ara<\/em>.: Sshager el ghar, chejrate sidna-moussa, chajarat sidna moussa, errand, rend, round, habb r'ar (fruit).\u00a0\u00a0 <em>Tam<\/em>.: Taselt.","flowering":"avril.","fruiting":"septembre-octobre.","habitat":"For\u00eats, matorrals, formations rocheuses et berges en zones \u00e0 bioclimat subhumide \u00e0 hyperhumide, plus rarement sec, se d\u00e9veloppant alors le long des cours d'eau et autres zones \u00e0 humidit\u00e9 \u00e9daphique relativement \u00e9lev\u00e9e. Pr\u00e9sent depuis le niveau de la mer jusqu\u2019\u00e0 2000 m.","distribution":"Archipels des \u00eeles Canaries, Mad\u00e8re et A\u00e7ores. Au Maroc de petites populations reliques de ce laurier survivent, dans des conditions \u00e9cologiques diff\u00e9rentes. Dans le Haut-Atlas centro-occidental (El Ksiba, B\u00e9ni Mellal, Djebel Tazarkount, Djebel Ghnim) et dans l\u2019Anti-Atlas occidental (escarpements rocheux de la rivi\u00e8re Anzi, \u00e0 l\u2019est de Tiznit, et plus au sud dans Addar).","observations":"En 2002, les peuplements des \u00eeles Canaries et de Mad\u00e8re ont \u00e9t\u00e9 s\u00e9par\u00e9s comme <em>L. novocanariensis<\/em> Rivas Mart., Lous\u00e3, Fern. Prieto, E.D\u00edas, J.C.Costa &amp; C.Aguiar (<em>L<\/em>. <em>canariensis<\/em> Webb &amp; Berthel., <em>non<\/em> Wild.), et il semblerait donc coh\u00e9rent de penser, du fait de leur proximit\u00e9 g\u00e9ographique, que l\u2019identit\u00e9 des plantes du Maroc devraient \u00eatre ramen\u00e9e \u00e0 ce dernier taxon. N\u00e9anmoins, une r\u00e9vision g\u00e9n\u00e9tique plus r\u00e9cente (Rodr\u00edguez-S\u00e1nchez <em>et al<\/em>., 2009) conclut que les peuplements macaron\u00e9siens et ceux du sud du Maroc doivent tous \u00eatre assign\u00e9s \u00e0 <em>L. azorica<\/em>. Jusqu\u2019\u00e0 leur d\u00e9couverte au sud du Maroc, ces esp\u00e8ces \u00e9taient consid\u00e9r\u00e9es end\u00e9miques de la laurisylve, un type de for\u00eat tropicale qui couvrait la r\u00e9gion m\u00e9diterran\u00e9enne au cours du Tertiaire, et dont il ne subsiste actuellement que quelques masses reliques au sein des \u00eeles macaron\u00e9siennes. Dans le Haut-Atlas, ce laurier est cantonn\u00e9 \u00e0 de petits escarpements calcaires de formations de <em>Quercus rotundifolia<\/em>, toujours expos\u00e9s du nord \u00e0 l\u2019ouest, entre 1600 et 2000 m d\u2019altitude. Dans l\u2019Anti-Atlas, ces peuplements subsistent sur des escarpements rocheux, o\u00f9 apparaissent \u00e9galement <em>Dracaena draco<\/em>, dans les adrets, et <em>Q. rotundifolia<\/em>, dans les ubacs. Ces petits peuplements constituent les derniers vestiges continentaux de l\u2019esp\u00e8ce, et pr\u00e9sentent donc un extraordinaire int\u00e9r\u00eat g\u00e9n\u00e9tique et biog\u00e9ographique.","conservation":"<em>L. azorica<\/em> y est consid\u00e9r\u00e9e comme Quasi menac\u00e9e (NT) \u00e0 l\u2019\u00e9chelle mondiale (World Conservation Monitoring Centre, 1998). Cependant, les populations de l'Atlas et de l'Anti-Atlas n'ont pas encore \u00e9t\u00e9 suffisamment \u00e9tudi\u00e9es. Elles sont tr\u00e8s rares, r\u00e9duits et fragment\u00e9es, et sont menac\u00e9es par l'exploitation humaine, leur protection doit \u00eatre maximale.","genus":false,"images":false,"map_legend":"","kml":false,"zone_1":"","zone_2":"","zone_3":"","zone_4":"","zone_5":"","zone_6":"","zone_7":"","zone_8":"","zone_9":"","zone_10":"","zone_11":"","zone_12":"","yoast_head":"<!-- This site is optimized with the Yoast SEO plugin v15.6.2 - https:\/\/yoast.com\/wordpress\/plugins\/seo\/ -->\n<title>Laurus azorica (Seub.) J. Franco - North Africa Trees<\/title>\n<meta name=\"robots\" content=\"noindex, follow\" \/>\n<meta property=\"og:locale\" content=\"fr_FR\" \/>\n<meta property=\"og:type\" content=\"article\" \/>\n<meta property=\"og:title\" content=\"Laurus azorica (Seub.) J. Franco - North Africa Trees\" \/>\n<meta property=\"og:description\" content=\"Petit arbre \u00e0 feuilles persistantes, dio\u00efque, atteignant jusqu\u2019\u00e0 10 m de haut (jusqu\u2019\u00e0 20 m dans de bonnes conditions de climat et de sol), \u00e0 feuillage dense et port irr\u00e9gulier. Le tronc est plus ou moins droit, \u00e0 \u00e9corce lisse et tr\u00e8s mince, de couleur gris\u00e2tre ou presque noire. Branches dress\u00e9es, robustes. Rameaux jeunes dens\u00e9ment...\" \/>\n<meta property=\"og:url\" content=\"https:\/\/www.northafricatrees.org\/fr\/esp\u00e8ce\/laurus-azorica-seub-j-franco\/\" \/>\n<meta property=\"og:site_name\" content=\"North Africa Trees\" \/>\n<meta property=\"article:modified_time\" content=\"2022-12-25T19:52:21+00:00\" \/>\n<meta name=\"twitter:card\" content=\"summary_large_image\" \/>\n<meta name=\"twitter:label1\" content=\"Dur\u00e9e de lecture est.\">\n\t<meta name=\"twitter:data1\" content=\"1 minute\">\n<script type=\"application\/ld+json\" class=\"yoast-schema-graph\">{\"@context\":\"https:\/\/schema.org\",\"@graph\":[{\"@type\":\"Organization\",\"@id\":\"https:\/\/www.northafricatrees.org\/#organization\",\"name\":\"North \\u00e1frica trees\",\"url\":\"https:\/\/www.northafricatrees.org\/\",\"sameAs\":[],\"logo\":{\"@type\":\"ImageObject\",\"@id\":\"https:\/\/www.northafricatrees.org\/#logo\",\"inLanguage\":\"fr-FR\",\"url\":\"https:\/\/www.northafricatrees.org\/wp-content\/uploads\/2020\/10\/logo-north-africa-trees.png\",\"width\":80,\"height\":70,\"caption\":\"North \\u00e1frica trees\"},\"image\":{\"@id\":\"https:\/\/www.northafricatrees.org\/#logo\"}},{\"@type\":\"WebSite\",\"@id\":\"https:\/\/www.northafricatrees.org\/#website\",\"url\":\"https:\/\/www.northafricatrees.org\/\",\"name\":\"North Africa Trees\",\"description\":\"\\u00c1rboles y arbustos aut\\u00f3ctonos del Norte de \\u00c1frica\",\"publisher\":{\"@id\":\"https:\/\/www.northafricatrees.org\/#organization\"},\"potentialAction\":[{\"@type\":\"SearchAction\",\"target\":\"https:\/\/www.northafricatrees.org\/?s={search_term_string}\",\"query-input\":\"required name=search_term_string\"}],\"inLanguage\":\"fr-FR\"},{\"@type\":\"WebPage\",\"@id\":\"https:\/\/www.northafricatrees.org\/fr\/esp\\u00e8ce\/laurus-azorica-seub-j-franco\/#webpage\",\"url\":\"https:\/\/www.northafricatrees.org\/fr\/esp\\u00e8ce\/laurus-azorica-seub-j-franco\/\",\"name\":\"Laurus azorica (Seub.) J. Franco - North Africa Trees\",\"isPartOf\":{\"@id\":\"https:\/\/www.northafricatrees.org\/#website\"},\"datePublished\":\"2021-12-02T16:53:14+00:00\",\"dateModified\":\"2022-12-25T19:52:21+00:00\",\"inLanguage\":\"fr-FR\",\"potentialAction\":[{\"@type\":\"ReadAction\",\"target\":[\"https:\/\/www.northafricatrees.org\/fr\/esp\\u00e8ce\/laurus-azorica-seub-j-franco\/\"]}]}]}<\/script>\n<!-- \/ Yoast SEO plugin. -->","_links":{"self":[{"href":"https:\/\/www.northafricatrees.org\/fr\/wp-json\/wp\/v2\/species\/42979"}],"collection":[{"href":"https:\/\/www.northafricatrees.org\/fr\/wp-json\/wp\/v2\/species"}],"about":[{"href":"https:\/\/www.northafricatrees.org\/fr\/wp-json\/wp\/v2\/types\/species"}],"wp:attachment":[{"href":"https:\/\/www.northafricatrees.org\/fr\/wp-json\/wp\/v2\/media?parent=42979"}],"curies":[{"name":"wp","href":"https:\/\/api.w.org\/{rel}","templated":true}]}}

https://www.northafricatrees.org/fr/espèce/laurus-azorica-seub-j-franco/

<p>Petit arbre à feuilles persistantes, dioïque, atteignant jusqu’à 10 m de haut (jusqu’à 20 m dans de bonnes conditions de climat et de sol), à feuillage dense et port irrégulier. Le tronc est plus ou moins droit, à écorce lisse et très mince, de couleur grisâtre ou presque noire. Branches dressées, robustes. Rameaux jeunes densément villeux, avec de nombreux poils jaunâtres et ferrugineux. Feuilles jusqu&rsquo;à 17 x 8 cm un peu coriaces, suborbiculaires (dans le Haut-Atlas Maire a décrit la f. <em>rotundifolia</em>) à lancéolées, hirsutes-tomenteuses quand elles sont jeunes, puis glabrescentes, avec la marge entière et légèrement ondulée, de couleur vert foncé sur l’endroit un peu glauques sur l’envers ; elles croissent opposées sur un court pédicelle (0,5-1,5 cm). Les fleurs mâles naissent groupées en une sorte d&rsquo;ombelle à l&rsquo;aisselle des feuilles, et sont formées par 4 pièces pétaloïdes (3-4,5 × 1,5-2 mm), oblongues, de couleur blanc-jaunâtre, à 16-20 étamines. Les fleurs femelles sont très semblables, mais au lieu des étamines, elles ont 4 filaments stériles qui naissent autour d&rsquo;un ovaire subsessile verdâtre. Le fruit est une baie charnue (10-20 mm), ovoïde, de couleur noire.</p>

Forêts, matorrals, formations rocheuses et berges en zones à bioclimat subhumide à hyperhumide, plus rarement sec, se développant alors le long des cours d'eau et autres zones à humidité édaphique relativement élevée. Présent depuis le niveau de la mer jusqu’à 2000 m.

Archipels des îles Canaries, Madère et Açores. Au Maroc de petites populations reliques de ce laurier survivent, dans des conditions écologiques différentes. Dans le Haut-Atlas centro-occidental (El Ksiba, Béni Mellal, Djebel Tazarkount, Djebel Ghnim) et dans l’Anti-Atlas occidental (escarpements rocheux de la rivière Anzi, à l’est de Tiznit, et plus au sud dans Addar).

En 2002, les peuplements des îles Canaries et de Madère ont été séparés comme <em>L. novocanariensis</em> Rivas Mart., Lousã, Fern. Prieto, E.Días, J.C.Costa &amp; C.Aguiar (<em>L</em>. <em>canariensis</em> Webb &amp; Berthel., <em>non</em> Wild.), et il semblerait donc cohérent de penser, du fait de leur proximité géographique, que l’identité des plantes du Maroc devraient être ramenée à ce dernier taxon. Néanmoins, une révision génétique plus récente (Rodríguez-Sánchez <em>et al</em>., 2009) conclut que les peuplements macaronésiens et ceux du sud du Maroc doivent tous être assignés à <em>L. azorica</em>. Jusqu’à leur découverte au sud du Maroc, ces espèces étaient considérées endémiques de la laurisylve, un type de forêt tropicale qui couvrait la région méditerranéenne au cours du Tertiaire, et dont il ne subsiste actuellement que quelques masses reliques au sein des îles macaronésiennes. Dans le Haut-Atlas, ce laurier est cantonné à de petits escarpements calcaires de formations de <em>Quercus rotundifolia</em>, toujours exposés du nord à l’ouest, entre 1600 et 2000 m d’altitude. Dans l’Anti-Atlas, ces peuplements subsistent sur des escarpements rocheux, où apparaissent également <em>Dracaena draco</em>, dans les adrets, et <em>Q. rotundifolia</em>, dans les ubacs. Ces petits peuplements constituent les derniers vestiges continentaux de l’espèce, et présentent donc un extraordinaire intérêt génétique et biogéographique.

<em>L. azorica</em> y est considérée comme Quasi menacée (NT) à l’échelle mondiale (World Conservation Monitoring Centre, 1998). Cependant, les populations de l'Atlas et de l'Anti-Atlas n'ont pas encore été suffisamment étudiées. Elles sont très rares, réduits et fragmentées, et sont menacées par l'exploitation humaine, leur protection doit être maximale.

<!-- This site is optimized with the Yoast SEO plugin v15.6.2 - https://yoast.com/wordpress/plugins/seo/ -->
<title>Laurus azorica (Seub.) J. Franco - North Africa Trees</title>
<meta name="robots" content="noindex, follow" />
<meta property="og:locale" content="fr_FR" />
<meta property="og:type" content="article" />
<meta property="og:title" content="Laurus azorica (Seub.) J. Franco - North Africa Trees" />
<meta property="og:description" content="Petit arbre à feuilles persistantes, dioïque, atteignant jusqu’à 10 m de haut (jusqu’à 20 m dans de bonnes conditions de climat et de sol), à feuillage dense et port irrégulier. Le tronc est plus ou moins droit, à écorce lisse et très mince, de couleur grisâtre ou presque noire. Branches dressées, robustes. Rameaux jeunes densément..." />
<meta property="og:url" content="https://www.northafricatrees.org/fr/espèce/laurus-azorica-seub-j-franco/" />
<meta property="og:site_name" content="North Africa Trees" />
<meta property="article:modified_time" content="2022-12-25T19:52:21+00:00" />
<meta name="twitter:card" content="summary_large_image" />
<meta name="twitter:label1" content="Durée de lecture est.">
	<meta name="twitter:data1" content="1 minute">
<script type="application/ld+json" class="yoast-schema-graph">{"@context":"https://schema.org","@graph":[{"@type":"Organization","@id":"https://www.northafricatrees.org/#organization","name":"North \u00e1frica trees","url":"https://www.northafricatrees.org/","sameAs":[],"logo":{"@type":"ImageObject","@id":"https://www.northafricatrees.org/#logo","inLanguage":"fr-FR","url":"https://www.northafricatrees.org/wp-content/uploads/2020/10/logo-north-africa-trees.png","width":80,"height":70,"caption":"North \u00e1frica trees"},"image":{"@id":"https://www.northafricatrees.org/#logo"}},{"@type":"WebSite","@id":"https://www.northafricatrees.org/#website","url":"https://www.northafricatrees.org/","name":"North Africa Trees","description":"\u00c1rboles y arbustos aut\u00f3ctonos del Norte de \u00c1frica","publisher":{"@id":"https://www.northafricatrees.org/#organization"},"potentialAction":[{"@type":"SearchAction","target":"https://www.northafricatrees.org/?s={search_term_string}","query-input":"required name=search_term_string"}],"inLanguage":"fr-FR"},{"@type":"WebPage","@id":"https://www.northafricatrees.org/fr/esp\u00e8ce/laurus-azorica-seub-j-franco/#webpage","url":"https://www.northafricatrees.org/fr/esp\u00e8ce/laurus-azorica-seub-j-franco/","name":"Laurus azorica (Seub.) J. Franco - North Africa Trees","isPartOf":{"@id":"https://www.northafricatrees.org/#website"},"datePublished":"2021-12-02T16:53:14+00:00","dateModified":"2022-12-25T19:52:21+00:00","inLanguage":"fr-FR","potentialAction":[{"@type":"ReadAction","target":["https://www.northafricatrees.org/fr/esp\u00e8ce/laurus-azorica-seub-j-franco/"]}]}]}</script>
<!-- / Yoast SEO plugin. -->
