{"id":12563,"date":"2020-11-10T10:08:01","date_gmt":"2020-11-10T10:08:01","guid":{"rendered":"https:\/\/www.northafricatrees.org\/species\/ononis-tridentata-l-subsp-mauretanica-maire-agullo-juan-m-a-alonso-terrones-m-b-crespo-3\/"},"modified":"2021-09-28T17:11:57","modified_gmt":"2021-09-28T17:11:57","slug":"ononis-tridentata-l-subsp-mauretanica-maire-agullo-juan-m-a-alonso-terrones-m-b-crespo-3","status":"publish","type":"species","link":"https:\/\/www.northafricatrees.org\/fr\/esp\u00e8ce\/ononis-tridentata-l-subsp-mauretanica-maire-agullo-juan-m-a-alonso-terrones-m-b-crespo-3\/","title":{"rendered":"Ononis tridentata L. subsp. mauretanica (Maire) Agull\u00f3, Juan, M.\u00c1.Alonso, Terrones &#038; M.B.Crespo"},"content":{"rendered":"<p>Arbuste \u00e0 feuilles persistantes atteignant 1,2 m de haut, inerme, hermaphrodite, tr\u00e8s ramifi\u00e9, dress\u00e9. Tiges et rameaux vieux tortueux, \u00e0 \u00e9corce brun\u00e2tre, glabrescente. Ramilles plus jeunes tomenteuses-blanch\u00e2tres. Feuilles alternes, trifoli\u00e9es, et unifoli\u00e9es celles de la partie florif\u00e8re, \u00e0 p\u00e9tiole et stipules partiellement soud\u00e9es \u00e0 ce dernier, folioles de 10-17 \u00d7 2,8-6,5 mm, l\u00e9g\u00e8rement crassulescentes, obov\u00e9es-cun\u00e9iformes, \u00e0 3-9 dents dans la moiti\u00e9 ou le tiers distal, vertes, glabres ou pub\u00e9rulentes-glanduleuses. Inflorescences axillaires, \u00e0 p\u00e9doncule pourvu d\u2019une ar\u00eate de 0,5-1,75 mm, caduque et 1-2 fleurs p\u00e9dicell\u00e9es. Calice de 6-8,8 mm, \u00e0 poils glanduleux et \u00e9glanduleux, verd\u00e2tre, profond\u00e9ment divis\u00e9 en 5 dents, lanc\u00e9ol\u00e9es, parfois bidenticul\u00e9es, plus longues que le tube. Corolle de 8-13,5 mm, papilionac\u00e9e, \u00e0 \u00e9tendard poilu, ros\u00e2tre ou blanc-ros\u00e2tre, ailes et car\u00e8ne blanches, cette derni\u00e8re falqu\u00e9e et \u00e0 pointe ros\u00e2tre. Androc\u00e9e monadelphe, \u00e0 10 \u00e9tamines. Ovaire poilu, et stigmate capit\u00e9. Gousse de 11-13 mm, subcylindrique, villeuse, tr\u00e8s exserte, \u00e0 1 graine. Graines de 2-3 mm, r\u00e9niformes, finement papilleuses et brunes.<\/p>\n","protected":false},"featured_media":0,"template":"","short_name":"Ononis tridentata","name_html":"<strong>Ononis tridentata <\/strong>subsp. <strong>mauretanica<\/strong> (Maire) Agull\u00f3, Juan, M.\u00c1. Alonso, Terrones & M.B. Crespo","short_description":"","common_names":"<em>O. tridentata <\/em>var.<em> mauretanica<\/em> Maire","other_name":"<em>Fra.<\/em>: Bugrane.\u00a0\u00a0 <em>Esp<\/em>.: Garbancillo.\u00a0\u00a0 <em>Ang.<\/em>: Restharrow.","flowering":"avril-mai.","fruiting":"mai-juin.","habitat":"Matorrals sur sols marneux ou marno-gypseux, entre 900 et 1100 m d\u2019altitude.","distribution":"N.-O. du Maroc (Aknoul).","observations":"Trois autres sous-esp\u00e8ces sont connues, end\u00e9miques de la p\u00e9ninsule ib\u00e9rique.","conservation":"Esp\u00e8ce peu commune mais \u00e0 aire de r\u00e9partition vaste, qui n\u2019est pas consid\u00e9r\u00e9e comme menac\u00e9e. En revanche, la subsp. <em>mauretanica<\/em> est beaucoup plus rare et m\u00e9connue. <em>O. tridentata<\/em> n\u2019est actuellement pas \u00e9valu\u00e9e \u00e0 l\u2019\u00e9chelle mondiale dans la Liste rouge des esp\u00e8ces de l\u2019UICN.","genus":false,"images":false,"map_legend":"","kml":false,"zone_1":"[\" -3.8651275,34.6683703\",\" -3.8840103,34.6582044\",\" -3.8977432,34.6473311\",\" -3.9142227,34.6337729\",\" -3.9530182,34.6026936\",\" -3.963661200000001,34.5631212\",\" -3.946837,34.541772\",\" -3.9004898,34.5232472\",\" -3.862381,34.5204185\",\" -3.7817001,34.5464387\",\" -3.7302017,34.5783871\",\" -3.691406199999999,34.6156918\",\" -3.689003,34.6459189\",\" -3.7159538,34.6802289\",\" -3.7636756,34.6898275\",\" -3.7866784,34.6925093\",\" -3.8115693,34.6892629\",\" -3.8323402,34.682064\",\" -3.8651275,34.6683703\",\" \"]","zone_2":"","zone_3":"","zone_4":"","zone_5":"","zone_6":"","zone_7":"","zone_8":"","zone_9":"","zone_10":"","zone_11":"","zone_12":"","yoast_head":"<!-- This site is optimized with the Yoast SEO plugin v15.6.2 - https:\/\/yoast.com\/wordpress\/plugins\/seo\/ -->\n<title>Ononis tridentata L. subsp. mauretanica (Maire) Agull\u00f3, Juan, M.\u00c1.Alonso, Terrones &amp; M.B.Crespo - North Africa Trees<\/title>\n<meta name=\"robots\" content=\"noindex, follow\" \/>\n<meta property=\"og:locale\" content=\"fr_FR\" \/>\n<meta property=\"og:type\" content=\"article\" \/>\n<meta property=\"og:title\" content=\"Ononis tridentata L. subsp. mauretanica (Maire) Agull\u00f3, Juan, M.\u00c1.Alonso, Terrones &amp; M.B.Crespo - North Africa Trees\" \/>\n<meta property=\"og:description\" content=\"Arbuste \u00e0 feuilles persistantes atteignant 1,2 m de haut, inerme, hermaphrodite, tr\u00e8s ramifi\u00e9, dress\u00e9. Tiges et rameaux vieux tortueux, \u00e0 \u00e9corce brun\u00e2tre, glabrescente. Ramilles plus jeunes tomenteuses-blanch\u00e2tres. Feuilles alternes, trifoli\u00e9es, et unifoli\u00e9es celles de la partie florif\u00e8re, \u00e0 p\u00e9tiole et stipules partiellement soud\u00e9es \u00e0 ce dernier, folioles de 10-17 \u00d7 2,8-6,5 mm, l\u00e9g\u00e8rement crassulescentes, obov\u00e9es-cun\u00e9iformes,...\" \/>\n<meta property=\"og:url\" content=\"https:\/\/www.northafricatrees.org\/fr\/esp\u00e8ce\/ononis-tridentata-l-subsp-mauretanica-maire-agullo-juan-m-a-alonso-terrones-m-b-crespo-3\/\" \/>\n<meta property=\"og:site_name\" content=\"North Africa Trees\" \/>\n<meta property=\"article:modified_time\" content=\"2021-09-28T17:11:57+00:00\" \/>\n<meta name=\"twitter:card\" content=\"summary_large_image\" \/>\n<meta name=\"twitter:label1\" content=\"Dur\u00e9e de lecture est.\">\n\t<meta name=\"twitter:data1\" content=\"1 minute\">\n<script type=\"application\/ld+json\" class=\"yoast-schema-graph\">{\"@context\":\"https:\/\/schema.org\",\"@graph\":[{\"@type\":\"Organization\",\"@id\":\"https:\/\/www.northafricatrees.org\/#organization\",\"name\":\"North \\u00e1frica trees\",\"url\":\"https:\/\/www.northafricatrees.org\/\",\"sameAs\":[],\"logo\":{\"@type\":\"ImageObject\",\"@id\":\"https:\/\/www.northafricatrees.org\/#logo\",\"inLanguage\":\"fr-FR\",\"url\":\"https:\/\/www.northafricatrees.org\/wp-content\/uploads\/2020\/10\/logo-north-africa-trees.png\",\"width\":80,\"height\":70,\"caption\":\"North \\u00e1frica trees\"},\"image\":{\"@id\":\"https:\/\/www.northafricatrees.org\/#logo\"}},{\"@type\":\"WebSite\",\"@id\":\"https:\/\/www.northafricatrees.org\/#website\",\"url\":\"https:\/\/www.northafricatrees.org\/\",\"name\":\"North Africa Trees\",\"description\":\"\\u00c1rboles y arbustos aut\\u00f3ctonos del Norte de \\u00c1frica\",\"publisher\":{\"@id\":\"https:\/\/www.northafricatrees.org\/#organization\"},\"potentialAction\":[{\"@type\":\"SearchAction\",\"target\":\"https:\/\/www.northafricatrees.org\/?s={search_term_string}\",\"query-input\":\"required name=search_term_string\"}],\"inLanguage\":\"fr-FR\"},{\"@type\":\"WebPage\",\"@id\":\"https:\/\/www.northafricatrees.org\/fr\/esp\\u00e8ce\/ononis-tridentata-l-subsp-mauretanica-maire-agullo-juan-m-a-alonso-terrones-m-b-crespo-3\/#webpage\",\"url\":\"https:\/\/www.northafricatrees.org\/fr\/esp\\u00e8ce\/ononis-tridentata-l-subsp-mauretanica-maire-agullo-juan-m-a-alonso-terrones-m-b-crespo-3\/\",\"name\":\"Ononis tridentata L. subsp. mauretanica (Maire) Agull\\u00f3, Juan, M.\\u00c1.Alonso, Terrones & M.B.Crespo - North Africa Trees\",\"isPartOf\":{\"@id\":\"https:\/\/www.northafricatrees.org\/#website\"},\"datePublished\":\"2020-11-10T10:08:01+00:00\",\"dateModified\":\"2021-09-28T17:11:57+00:00\",\"inLanguage\":\"fr-FR\",\"potentialAction\":[{\"@type\":\"ReadAction\",\"target\":[\"https:\/\/www.northafricatrees.org\/fr\/esp\\u00e8ce\/ononis-tridentata-l-subsp-mauretanica-maire-agullo-juan-m-a-alonso-terrones-m-b-crespo-3\/\"]}]}]}<\/script>\n<!-- \/ Yoast SEO plugin. -->","_links":{"self":[{"href":"https:\/\/www.northafricatrees.org\/fr\/wp-json\/wp\/v2\/species\/12563"}],"collection":[{"href":"https:\/\/www.northafricatrees.org\/fr\/wp-json\/wp\/v2\/species"}],"about":[{"href":"https:\/\/www.northafricatrees.org\/fr\/wp-json\/wp\/v2\/types\/species"}],"wp:attachment":[{"href":"https:\/\/www.northafricatrees.org\/fr\/wp-json\/wp\/v2\/media?parent=12563"}],"curies":[{"name":"wp","href":"https:\/\/api.w.org\/{rel}","templated":true}]}}

https://www.northafricatrees.org/fr/espèce/ononis-tridentata-l-subsp-mauretanica-maire-agullo-juan-m-a-alonso-terrones-m-b-crespo-3/

Ononis tridentata L. subsp. mauretanica (Maire) Agulló, Juan, M.Á.Alonso, Terrones &#038; M.B.Crespo

<p>Arbuste à feuilles persistantes atteignant 1,2 m de haut, inerme, hermaphrodite, très ramifié, dressé. Tiges et rameaux vieux tortueux, à écorce brunâtre, glabrescente. Ramilles plus jeunes tomenteuses-blanchâtres. Feuilles alternes, trifoliées, et unifoliées celles de la partie florifère, à pétiole et stipules partiellement soudées à ce dernier, folioles de 10-17 × 2,8-6,5 mm, légèrement crassulescentes, obovées-cunéiformes, à 3-9 dents dans la moitié ou le tiers distal, vertes, glabres ou pubérulentes-glanduleuses. Inflorescences axillaires, à pédoncule pourvu d’une arête de 0,5-1,75 mm, caduque et 1-2 fleurs pédicellées. Calice de 6-8,8 mm, à poils glanduleux et églanduleux, verdâtre, profondément divisé en 5 dents, lancéolées, parfois bidenticulées, plus longues que le tube. Corolle de 8-13,5 mm, papilionacée, à étendard poilu, rosâtre ou blanc-rosâtre, ailes et carène blanches, cette dernière falquée et à pointe rosâtre. Androcée monadelphe, à 10 étamines. Ovaire poilu, et stigmate capité. Gousse de 11-13 mm, subcylindrique, villeuse, très exserte, à 1 graine. Graines de 2-3 mm, réniformes, finement papilleuses et brunes.</p>

<strong>Ononis tridentata </strong>subsp. <strong>mauretanica</strong> (Maire) Agulló, Juan, M.Á. Alonso, Terrones & M.B. Crespo

Trois autres sous-espèces sont connues, endémiques de la péninsule ibérique.

Espèce peu commune mais à aire de répartition vaste, qui n’est pas considérée comme menacée. En revanche, la subsp. <em>mauretanica</em> est beaucoup plus rare et méconnue. <em>O. tridentata</em> n’est actuellement pas évaluée à l’échelle mondiale dans la Liste rouge des espèces de l’UICN.

<!-- This site is optimized with the Yoast SEO plugin v15.6.2 - https://yoast.com/wordpress/plugins/seo/ -->
<title>Ononis tridentata L. subsp. mauretanica (Maire) Agulló, Juan, M.Á.Alonso, Terrones &amp; M.B.Crespo - North Africa Trees</title>
<meta name="robots" content="noindex, follow" />
<meta property="og:locale" content="fr_FR" />
<meta property="og:type" content="article" />
<meta property="og:title" content="Ononis tridentata L. subsp. mauretanica (Maire) Agulló, Juan, M.Á.Alonso, Terrones &amp; M.B.Crespo - North Africa Trees" />
<meta property="og:description" content="Arbuste à feuilles persistantes atteignant 1,2 m de haut, inerme, hermaphrodite, très ramifié, dressé. Tiges et rameaux vieux tortueux, à écorce brunâtre, glabrescente. Ramilles plus jeunes tomenteuses-blanchâtres. Feuilles alternes, trifoliées, et unifoliées celles de la partie florifère, à pétiole et stipules partiellement soudées à ce dernier, folioles de 10-17 × 2,8-6,5 mm, légèrement crassulescentes, obovées-cunéiformes,..." />
<meta property="og:url" content="https://www.northafricatrees.org/fr/espèce/ononis-tridentata-l-subsp-mauretanica-maire-agullo-juan-m-a-alonso-terrones-m-b-crespo-3/" />
<meta property="og:site_name" content="North Africa Trees" />
<meta property="article:modified_time" content="2021-09-28T17:11:57+00:00" />
<meta name="twitter:card" content="summary_large_image" />
<meta name="twitter:label1" content="Durée de lecture est.">
	<meta name="twitter:data1" content="1 minute">
<script type="application/ld+json" class="yoast-schema-graph">{"@context":"https://schema.org","@graph":[{"@type":"Organization","@id":"https://www.northafricatrees.org/#organization","name":"North \u00e1frica trees","url":"https://www.northafricatrees.org/","sameAs":[],"logo":{"@type":"ImageObject","@id":"https://www.northafricatrees.org/#logo","inLanguage":"fr-FR","url":"https://www.northafricatrees.org/wp-content/uploads/2020/10/logo-north-africa-trees.png","width":80,"height":70,"caption":"North \u00e1frica trees"},"image":{"@id":"https://www.northafricatrees.org/#logo"}},{"@type":"WebSite","@id":"https://www.northafricatrees.org/#website","url":"https://www.northafricatrees.org/","name":"North Africa Trees","description":"\u00c1rboles y arbustos aut\u00f3ctonos del Norte de \u00c1frica","publisher":{"@id":"https://www.northafricatrees.org/#organization"},"potentialAction":[{"@type":"SearchAction","target":"https://www.northafricatrees.org/?s={search_term_string}","query-input":"required name=search_term_string"}],"inLanguage":"fr-FR"},{"@type":"WebPage","@id":"https://www.northafricatrees.org/fr/esp\u00e8ce/ononis-tridentata-l-subsp-mauretanica-maire-agullo-juan-m-a-alonso-terrones-m-b-crespo-3/#webpage","url":"https://www.northafricatrees.org/fr/esp\u00e8ce/ononis-tridentata-l-subsp-mauretanica-maire-agullo-juan-m-a-alonso-terrones-m-b-crespo-3/","name":"Ononis tridentata L. subsp. mauretanica (Maire) Agull\u00f3, Juan, M.\u00c1.Alonso, Terrones & M.B.Crespo - North Africa Trees","isPartOf":{"@id":"https://www.northafricatrees.org/#website"},"datePublished":"2020-11-10T10:08:01+00:00","dateModified":"2021-09-28T17:11:57+00:00","inLanguage":"fr-FR","potentialAction":[{"@type":"ReadAction","target":["https://www.northafricatrees.org/fr/esp\u00e8ce/ononis-tridentata-l-subsp-mauretanica-maire-agullo-juan-m-a-alonso-terrones-m-b-crespo-3/"]}]}]}</script>
<!-- / Yoast SEO plugin. -->
