{"id":12545,"date":"2020-11-10T10:07:59","date_gmt":"2020-11-10T10:07:59","guid":{"rendered":"https:\/\/www.northafricatrees.org\/species\/ononis-speciosa-lag-3\/"},"modified":"2021-10-20T08:25:37","modified_gmt":"2021-10-20T08:25:37","slug":"ononis-speciosa-lag-3","status":"publish","type":"species","link":"https:\/\/www.northafricatrees.org\/fr\/esp\u00e8ce\/ononis-speciosa-lag-3\/","title":{"rendered":"Ononis speciosa Lag."},"content":{"rendered":"<p>Arbuste \u00e0 feuilles persistantes de jusqu\u2019\u00e0 1,5 m de haut, inerme, hermaphrodite, dress\u00e9 et peu rameux. Tiges et rameaux vieux \u00e0 \u00e9corce brune, glabre ou \u00e0 poils \u00e9glanduleux dispos\u00e9s en ligne. Ramilles plus jeunes herbac\u00e9es, vertes, dens\u00e9ment pub\u00e9rulentes-glanduleuses. Feuilles alternes, trifoli\u00e9es, \u00e0 p\u00e9tiole et stipules partiellement soud\u00e9es \u00e0 ce dernier, folioles de (7)10-35 \u00d7 4-25 mm, l\u00e9g\u00e8rement crassulescentes, elliptiques \u00e0 suborbiculaires, serr\u00e9es, les lat\u00e9rales sessiles et la centrale p\u00e9tiolul\u00e9e, vertes, glabres ou glanduleuses, tr\u00e8s visqueuses, de m\u00eame que les ramilles et les inflorescences. Inflorescences spiciformes, terminales, longues et denses, \u00e0 nombreuses fleurs subsessiles dispos\u00e9es isol\u00e9es \u00e0 l&rsquo;aisselle de chaque bract\u00e9e, cette derni\u00e8re sans folioles, ov\u00e9e, persistante. Calice de 8-12 mm, villeux, \u00e0 poils glanduleux et \u00e9glanduleux, verd\u00e2tre, profond\u00e9ment divis\u00e9 en 5 dents, lin\u00e9aires-lanc\u00e9ol\u00e9es, un peu plus longues que le tube. Corolle de 11-18 mm, papilionac\u00e9e, jaune, \u00e0 \u00e9tendard glabre et fr\u00e9quemment pourvu de nervures pourpr\u00e9es, ailes et car\u00e8ne plus ou moins aussi longues mais sans nervures color\u00e9es, cette derni\u00e8re falqu\u00e9e. Androc\u00e9e monadelphe, \u00e0 10 \u00e9tamines. Ovaire poilu, et stigmate capit\u00e9. Gousse de 6-7,5 mm, plus ou moins ovo\u00efde, poilue, incluse dans le calice ou l\u00e9g\u00e8rement exserte, \u00e0 1-2 graines. Graines de <em>c<\/em>. 3 mm, globuleuses, lisses, brunes ou verd\u00e2tres.<\/p>\n","protected":false},"featured_media":0,"template":"","short_name":"Ononis speciosa","name_html":"<strong>Ononis speciosa<\/strong> Lag.","short_description":"","common_names":"","other_name":"<em>Fra.<\/em>: Bugrane.\u00a0\u00a0 <em>Esp<\/em>.: Garbancillo, rascavieja.\u00a0\u00a0 <em>Ang.<\/em>: Restharrow.","flowering":"mai-juin.","fruiting":"juin-ao\u00fbt.","habitat":"For\u00eats et matorrals sur terrains divers, fr\u00e9quemment marneux, siliceux, \u00e0 humidit\u00e9 \u00e9daphique \u00e9lev\u00e9e, g\u00e9n\u00e9ralement le long des rivi\u00e8res et ruisseaux permanents ou temporaires.","distribution":"Il s'agit d'une end\u00e9mique b\u00e9tico-rifaine, dont l'aire de r\u00e9partition s'\u00e9tend dans le S. de l'Espagne p\u00e9ninsulaire et les montagnes \u00e0 bioclimat subhumide du Rif central (haute vall\u00e9e de l\u2019Ouerrha, Boured, Targuist, Aknoul, etc.) au Maroc.","observations":"","conservation":"Esp\u00e8ce peu commune mais \u00e0 aire de r\u00e9partition vaste, qui n\u2019est pas consid\u00e9r\u00e9e comme menac\u00e9e. Elle n\u2019est actuellement pas \u00e9valu\u00e9e \u00e0 l\u2019\u00e9chelle mondiale dans la Liste rouge des esp\u00e8ces de l\u2019UICN.","genus":false,"images":[{"ID":"27883","post_author":"1","post_date":"2021-01-04 13:31:18","post_date_gmt":"2021-01-04 13:31:18","post_content":"","post_title":"Ononis speciosa. 2. A. F\u00e9lix Carrillo","post_excerpt":"Ononis speciosa. Tige avec feuilles et inflorescence. A. F\u00e9lix Carrillo","post_status":"inherit","comment_status":"closed","ping_status":"closed","post_password":"","post_name":"ononis-speciosa-2-a-felix-carrillo-2","to_ping":"","pinged":"","post_modified":"2021-10-20 08:25:37","post_modified_gmt":"2021-10-20 08:25:37","post_content_filtered":"","post_parent":"12545","guid":"https:\/\/www.northafricatrees.org\/wp-content\/uploads\/2020\/11\/Ononis-speciosa.-2.-A.-Felix-Carrillo.jpg","menu_order":"0","post_type":"attachment","post_mime_type":"image\/jpeg","comment_count":"0","translation_id":"19773","element_type":"post_attachment","element_id":"27883","trid":"119028","language_code":"fr","source_language_code":"es","id":"4","code":"fr","english_name":"French","major":"1","active":"1","default_locale":"fr_FR","tag":"fr","encode_url":"0","pod_item_id":"27883"},{"ID":"27885","post_author":"1","post_date":"2021-01-04 13:31:19","post_date_gmt":"2021-01-04 13:31:19","post_content":"","post_title":"Ononis speciosa. 3. Enrique Triano","post_excerpt":"Ononis speciosa. D\u00e9tail des feuilles et inflorescence. Enrique Triano","post_status":"inherit","comment_status":"closed","ping_status":"closed","post_password":"","post_name":"ononis-speciosa-3-enrique-triano-2","to_ping":"","pinged":"","post_modified":"2021-10-20 08:25:37","post_modified_gmt":"2021-10-20 08:25:37","post_content_filtered":"","post_parent":"12545","guid":"https:\/\/www.northafricatrees.org\/wp-content\/uploads\/2020\/11\/Ononis-speciosa.-3.-Enrique-Triano.jpg","menu_order":"0","post_type":"attachment","post_mime_type":"image\/jpeg","comment_count":"0","translation_id":"19775","element_type":"post_attachment","element_id":"27885","trid":"119029","language_code":"fr","source_language_code":"es","id":"4","code":"fr","english_name":"French","major":"1","active":"1","default_locale":"fr_FR","tag":"fr","encode_url":"0","pod_item_id":"27885"}],"map_legend":"","kml":false,"zone_1":"[\" -3.6804199,34.7562814\",\" -3.779296899999999,34.9017004\",\" -3.9289856,34.9669989\",\" -4.1281128,34.9658735\",\" -4.284668,34.9388594\",\" -4.4165039,34.8611442\",\" -4.5263672,34.7574096\",\" -4.5565796,34.6399874\",\" -4.5455933,34.3853794\",\" -4.4080526,34.1895361\",\" -4.2544556,34.0637523\",\" -4.1689682,34.0540817\",\" -4.1445996,34.0823716\",\" -4.1366958,34.1311315\",\" -4.1093526,34.1573176\",\" -4.0323337,34.2448044\",\" -3.9793162,34.2453531\",\" -3.8768005,34.3094125\",\" -3.7389069,34.428351\",\" -3.6678531,34.5460479\",\" -3.6296082,34.6569335\",\" -3.6804199,34.7562814\",\" \"]","zone_2":"","zone_3":"","zone_4":"","zone_5":"","zone_6":"","zone_7":"","zone_8":"","zone_9":"","zone_10":"","zone_11":"","zone_12":"","yoast_head":"<!-- This site is optimized with the Yoast SEO plugin v15.6.2 - https:\/\/yoast.com\/wordpress\/plugins\/seo\/ -->\n<title>Ononis speciosa Lag. - North Africa Trees<\/title>\n<meta name=\"robots\" content=\"noindex, follow\" \/>\n<meta property=\"og:locale\" content=\"fr_FR\" \/>\n<meta property=\"og:type\" content=\"article\" \/>\n<meta property=\"og:title\" content=\"Ononis speciosa Lag. - North Africa Trees\" \/>\n<meta property=\"og:description\" content=\"Arbuste \u00e0 feuilles persistantes de jusqu\u2019\u00e0 1,5 m de haut, inerme, hermaphrodite, dress\u00e9 et peu rameux. Tiges et rameaux vieux \u00e0 \u00e9corce brune, glabre ou \u00e0 poils \u00e9glanduleux dispos\u00e9s en ligne. Ramilles plus jeunes herbac\u00e9es, vertes, dens\u00e9ment pub\u00e9rulentes-glanduleuses. Feuilles alternes, trifoli\u00e9es, \u00e0 p\u00e9tiole et stipules partiellement soud\u00e9es \u00e0 ce dernier, folioles de (7)10-35 \u00d7 4-25...\" \/>\n<meta property=\"og:url\" content=\"https:\/\/www.northafricatrees.org\/fr\/esp\u00e8ce\/ononis-speciosa-lag-3\/\" \/>\n<meta property=\"og:site_name\" content=\"North Africa Trees\" \/>\n<meta property=\"article:modified_time\" content=\"2021-10-20T08:25:37+00:00\" \/>\n<meta name=\"twitter:card\" content=\"summary_large_image\" \/>\n<meta name=\"twitter:label1\" content=\"Dur\u00e9e de lecture est.\">\n\t<meta name=\"twitter:data1\" content=\"1 minute\">\n<script type=\"application\/ld+json\" class=\"yoast-schema-graph\">{\"@context\":\"https:\/\/schema.org\",\"@graph\":[{\"@type\":\"Organization\",\"@id\":\"https:\/\/www.northafricatrees.org\/#organization\",\"name\":\"North \\u00e1frica trees\",\"url\":\"https:\/\/www.northafricatrees.org\/\",\"sameAs\":[],\"logo\":{\"@type\":\"ImageObject\",\"@id\":\"https:\/\/www.northafricatrees.org\/#logo\",\"inLanguage\":\"fr-FR\",\"url\":\"https:\/\/www.northafricatrees.org\/wp-content\/uploads\/2020\/10\/logo-north-africa-trees.png\",\"width\":80,\"height\":70,\"caption\":\"North \\u00e1frica trees\"},\"image\":{\"@id\":\"https:\/\/www.northafricatrees.org\/#logo\"}},{\"@type\":\"WebSite\",\"@id\":\"https:\/\/www.northafricatrees.org\/#website\",\"url\":\"https:\/\/www.northafricatrees.org\/\",\"name\":\"North Africa Trees\",\"description\":\"\\u00c1rboles y arbustos aut\\u00f3ctonos del Norte de \\u00c1frica\",\"publisher\":{\"@id\":\"https:\/\/www.northafricatrees.org\/#organization\"},\"potentialAction\":[{\"@type\":\"SearchAction\",\"target\":\"https:\/\/www.northafricatrees.org\/?s={search_term_string}\",\"query-input\":\"required name=search_term_string\"}],\"inLanguage\":\"fr-FR\"},{\"@type\":\"WebPage\",\"@id\":\"https:\/\/www.northafricatrees.org\/fr\/esp\\u00e8ce\/ononis-speciosa-lag-3\/#webpage\",\"url\":\"https:\/\/www.northafricatrees.org\/fr\/esp\\u00e8ce\/ononis-speciosa-lag-3\/\",\"name\":\"Ononis speciosa Lag. - North Africa Trees\",\"isPartOf\":{\"@id\":\"https:\/\/www.northafricatrees.org\/#website\"},\"datePublished\":\"2020-11-10T10:07:59+00:00\",\"dateModified\":\"2021-10-20T08:25:37+00:00\",\"inLanguage\":\"fr-FR\",\"potentialAction\":[{\"@type\":\"ReadAction\",\"target\":[\"https:\/\/www.northafricatrees.org\/fr\/esp\\u00e8ce\/ononis-speciosa-lag-3\/\"]}]}]}<\/script>\n<!-- \/ Yoast SEO plugin. -->","_links":{"self":[{"href":"https:\/\/www.northafricatrees.org\/fr\/wp-json\/wp\/v2\/species\/12545"}],"collection":[{"href":"https:\/\/www.northafricatrees.org\/fr\/wp-json\/wp\/v2\/species"}],"about":[{"href":"https:\/\/www.northafricatrees.org\/fr\/wp-json\/wp\/v2\/types\/species"}],"wp:attachment":[{"href":"https:\/\/www.northafricatrees.org\/fr\/wp-json\/wp\/v2\/media?parent=12545"}],"curies":[{"name":"wp","href":"https:\/\/api.w.org\/{rel}","templated":true}]}}

https://www.northafricatrees.org/fr/espèce/ononis-speciosa-lag-3/

<p>Arbuste à feuilles persistantes de jusqu’à 1,5 m de haut, inerme, hermaphrodite, dressé et peu rameux. Tiges et rameaux vieux à écorce brune, glabre ou à poils églanduleux disposés en ligne. Ramilles plus jeunes herbacées, vertes, densément pubérulentes-glanduleuses. Feuilles alternes, trifoliées, à pétiole et stipules partiellement soudées à ce dernier, folioles de (7)10-35 × 4-25 mm, légèrement crassulescentes, elliptiques à suborbiculaires, serrées, les latérales sessiles et la centrale pétiolulée, vertes, glabres ou glanduleuses, très visqueuses, de même que les ramilles et les inflorescences. Inflorescences spiciformes, terminales, longues et denses, à nombreuses fleurs subsessiles disposées isolées à l&rsquo;aisselle de chaque bractée, cette dernière sans folioles, ovée, persistante. Calice de 8-12 mm, villeux, à poils glanduleux et églanduleux, verdâtre, profondément divisé en 5 dents, linéaires-lancéolées, un peu plus longues que le tube. Corolle de 11-18 mm, papilionacée, jaune, à étendard glabre et fréquemment pourvu de nervures pourprées, ailes et carène plus ou moins aussi longues mais sans nervures colorées, cette dernière falquée. Androcée monadelphe, à 10 étamines. Ovaire poilu, et stigmate capité. Gousse de 6-7,5 mm, plus ou moins ovoïde, poilue, incluse dans le calice ou légèrement exserte, à 1-2 graines. Graines de <em>c</em>. 3 mm, globuleuses, lisses, brunes ou verdâtres.</p>

juin-août.

Forêts et matorrals sur terrains divers, fréquemment marneux, siliceux, à humidité édaphique élevée, généralement le long des rivières et ruisseaux permanents ou temporaires.

Il s'agit d'une endémique bético-rifaine, dont l'aire de répartition s'étend dans le S. de l'Espagne péninsulaire et les montagnes à bioclimat subhumide du Rif central (haute vallée de l’Ouerrha, Boured, Targuist, Aknoul, etc.) au Maroc.

Espèce peu commune mais à aire de répartition vaste, qui n’est pas considérée comme menacée. Elle n’est actuellement pas évaluée à l’échelle mondiale dans la Liste rouge des espèces de l’UICN.

Ononis speciosa. 2. A. Félix Carrillo

Ononis speciosa. Tige avec feuilles et inflorescence. A. Félix Carrillo

Ononis speciosa. Détail des feuilles et inflorescence. Enrique Triano

<!-- This site is optimized with the Yoast SEO plugin v15.6.2 - https://yoast.com/wordpress/plugins/seo/ -->
<title>Ononis speciosa Lag. - North Africa Trees</title>
<meta name="robots" content="noindex, follow" />
<meta property="og:locale" content="fr_FR" />
<meta property="og:type" content="article" />
<meta property="og:title" content="Ononis speciosa Lag. - North Africa Trees" />
<meta property="og:description" content="Arbuste à feuilles persistantes de jusqu’à 1,5 m de haut, inerme, hermaphrodite, dressé et peu rameux. Tiges et rameaux vieux à écorce brune, glabre ou à poils églanduleux disposés en ligne. Ramilles plus jeunes herbacées, vertes, densément pubérulentes-glanduleuses. Feuilles alternes, trifoliées, à pétiole et stipules partiellement soudées à ce dernier, folioles de (7)10-35 × 4-25..." />
<meta property="og:url" content="https://www.northafricatrees.org/fr/espèce/ononis-speciosa-lag-3/" />
<meta property="og:site_name" content="North Africa Trees" />
<meta property="article:modified_time" content="2021-10-20T08:25:37+00:00" />
<meta name="twitter:card" content="summary_large_image" />
<meta name="twitter:label1" content="Durée de lecture est.">
	<meta name="twitter:data1" content="1 minute">
<script type="application/ld+json" class="yoast-schema-graph">{"@context":"https://schema.org","@graph":[{"@type":"Organization","@id":"https://www.northafricatrees.org/#organization","name":"North \u00e1frica trees","url":"https://www.northafricatrees.org/","sameAs":[],"logo":{"@type":"ImageObject","@id":"https://www.northafricatrees.org/#logo","inLanguage":"fr-FR","url":"https://www.northafricatrees.org/wp-content/uploads/2020/10/logo-north-africa-trees.png","width":80,"height":70,"caption":"North \u00e1frica trees"},"image":{"@id":"https://www.northafricatrees.org/#logo"}},{"@type":"WebSite","@id":"https://www.northafricatrees.org/#website","url":"https://www.northafricatrees.org/","name":"North Africa Trees","description":"\u00c1rboles y arbustos aut\u00f3ctonos del Norte de \u00c1frica","publisher":{"@id":"https://www.northafricatrees.org/#organization"},"potentialAction":[{"@type":"SearchAction","target":"https://www.northafricatrees.org/?s={search_term_string}","query-input":"required name=search_term_string"}],"inLanguage":"fr-FR"},{"@type":"WebPage","@id":"https://www.northafricatrees.org/fr/esp\u00e8ce/ononis-speciosa-lag-3/#webpage","url":"https://www.northafricatrees.org/fr/esp\u00e8ce/ononis-speciosa-lag-3/","name":"Ononis speciosa Lag. - North Africa Trees","isPartOf":{"@id":"https://www.northafricatrees.org/#website"},"datePublished":"2020-11-10T10:07:59+00:00","dateModified":"2021-10-20T08:25:37+00:00","inLanguage":"fr-FR","potentialAction":[{"@type":"ReadAction","target":["https://www.northafricatrees.org/fr/esp\u00e8ce/ononis-speciosa-lag-3/"]}]}]}</script>
<!-- / Yoast SEO plugin. -->
