{"id":11906,"date":"2020-11-10T10:07:13","date_gmt":"2020-11-10T10:07:13","guid":{"rendered":"https:\/\/www.northafricatrees.org\/species\/ribes-alpinum-l-3\/"},"modified":"2021-10-11T15:35:26","modified_gmt":"2021-10-11T15:35:26","slug":"ribes-alpinum-l-3","status":"publish","type":"species","link":"https:\/\/www.northafricatrees.org\/fr\/esp\u00e8ce\/ribes-alpinum-l-3\/","title":{"rendered":"Ribes alpinum L."},"content":{"rendered":"<p>Arbuste de 0,5-1,5 m, dio\u00efque, inerme. Tiges plus ou moins droites, parfois intriqu\u00e9es. Rameaux glabres, de couleur gris-argent\u00e9 ou ferrugineux p\u00e2le. Feuilles de (0,7)1-4,5(6) cm de large, palmatifides \u00e0 palmatipartites, \u00e0 3-5 lobules festonn\u00e9s ou incis\u00e9s-serr\u00e9s, le central att\u00e9nu\u00e9 \u00e0 la base ; elles sont cord\u00e9es, tronqu\u00e9es ou rarement att\u00e9nu\u00e9es \u00e0 la base, \u00e0 poils glanduleux longs et \u00e9pars, et \u00e9glanduleux g\u00e9n\u00e9ralement plus courts, bien que ces derniers peuvent parfois \u00eatre absents. Inflorescences en rac\u00e8mes dress\u00e9s, les m\u00e2les de (0,8)1,5-3(3,8) cm et \u00e0 jusqu\u2019\u00e0 30 fleurs, les femelles de 0,5-2(2,5) cm, \u00e0 2-5(8) fleurs ; toutes deux poss\u00e8dent des poils glanduleux abondants sur l\u2019axe. Bract\u00e9es de (2,5)3-6(6,5) mm de long, \u00e9gales ou plus grandes que celles des fleurs, lanc\u00e9ol\u00e9es ou oblongues, \u00e0 bord glanduleux et un peu scarieuses. Fleurs de jusqu\u2019\u00e0 3,5 mm, \u00e0 p\u00e9dicelles de longueur similaire, glanduleux, articul\u00e9s \u00e0 proximit\u00e9 de la base. S\u00e9pales (1,5-2,5 mm) patents, oblongs \u00e0 spatul\u00e9s, l\u00e9g\u00e8rement in\u00e9gaux, obtus, glabres, vert-jaun\u00e2tre. P\u00e9tales (&lt; 1 mm) verd\u00e2tres \u00e0 pourpr\u00e9s. \u00c9tamines un peu plus longues que les p\u00e9tales chez les fleurs m\u00e2les, plus courts et \u00e0 anth\u00e8res sans pollen chez les femelles. Le fruit est une baie (5-7 mm) globuleuse, glabre, de couleur rouge.<\/p>\n","protected":false},"featured_media":0,"template":"","short_name":"Ribes alpinum","name_html":"<strong>Ribes alpinum<\/strong> L.","short_description":"","common_names":"","other_name":"<em>Fra.<\/em>: Gadelier alpin, groseillier des Alpes.\u00a0\u00a0 <em>Esp<\/em>.: Grosellero de monta\u00f1a, tremoncillera, calderilla, cascalleja, cicerolas.\u00a0\u00a0 <em>Ang.<\/em>: Mountain currant.","flowering":"mai-juillet.","fruiting":"ao\u00fbt-octobre.","habitat":"Rochers et formations rocheuses des hautes montagnes calcaires et siliceuses \u00e0 fortes pr\u00e9cipitations.","distribution":"Europe (jusqu\u2019au Caucase et le N. de la Russie) et N. de l\u2019Afrique. Dans cette derni\u00e8re r\u00e9gion, elle appara\u00eet au Maroc, r\u00e9fugi\u00e9e \u00e0 une altitude de 2000-3300 m dans le Moyen Atlas oriental (Djebel Bouiblane, Guelb-er-Rahal et Djebel Tichoukt) et le Haut Atlas oriental (massif de l\u2019Ayachi).","observations":"","conservation":"Elle n\u2019est actuellement pas \u00e9valu\u00e9e \u00e0 l\u2019\u00e9chelle mondiale dans la Liste rouge des esp\u00e8ces de l\u2019UICN. Dans le N. de l\u2019Afrique, il s\u2019agit d\u2019une esp\u00e8ce tr\u00e8s rare qui, si elle venait \u00e0 \u00eatre \u00e9valu\u00e9e \u00e0 l\u2019\u00e9chelle nationale et\/ou r\u00e9gionale, serait probablement consid\u00e9r\u00e9e comme menac\u00e9e.","genus":false,"images":[{"ID":"28415","post_author":"1","post_date":"2021-01-04 13:55:23","post_date_gmt":"2021-01-04 13:55:23","post_content":"","post_title":"Ribes alpinum. 1. Jes\u00fas Charco","post_excerpt":"Ribes alpinum. Rameaux avec feuilles et fleurs. Jes\u00fas Charco","post_status":"inherit","comment_status":"closed","ping_status":"closed","post_password":"","post_name":"ribes-alpinum-1-jesus-charco-2","to_ping":"","pinged":"","post_modified":"2021-10-11 15:35:26","post_modified_gmt":"2021-10-11 15:35:26","post_content_filtered":"","post_parent":"11906","guid":"https:\/\/www.northafricatrees.org\/wp-content\/uploads\/2020\/11\/Ribes-alpinum.-1.-Jesus-Charco.jpg","menu_order":"0","post_type":"attachment","post_mime_type":"image\/jpeg","comment_count":"0","translation_id":"20305","element_type":"post_attachment","element_id":"28415","trid":"119294","language_code":"fr","source_language_code":"es","id":"4","code":"fr","english_name":"French","major":"1","active":"1","default_locale":"fr_FR","tag":"fr","encode_url":"0","pod_item_id":"28415"}],"map_legend":"","kml":false,"zone_1":"[\" -3.834228499999938,33.66306780000008\",\" -3.850364699999942,33.61976560000005\",\" -3.90941609999993,33.59009880000008\",\" -3.953533199999981,33.57172180000003\",\" -4.000824899999941,33.53538210000005\",\" -4.011511699999971,33.51728000000003\",\" -4.016326699999979,33.50681370000007\",\" -4.010842099999934,33.49749260000004\",\" -4.000896599999976,33.48931680000004\",\" -3.971385999999939,33.47827450000006\",\" -3.931312799999944,33.49065960000007\",\" -3.928501199999971,33.50631490000006\",\" -3.924658499999965,33.51853490000008\",\" -3.91508099999993,33.52479610000006\",\" -3.900318299999981,33.52590670000006\",\" -3.885898899999972,33.52415360000003\",\" -3.865814199999932,33.53152180000006\",\" -3.826335399999948,33.54583070000007\",\" -3.806419399999926,33.55112340000005\",\" -3.797750999999948,33.55927360000004\",\" -3.785649899999953,33.59202670000008\",\" -3.767967299999953,33.61754980000006\",\" -3.763589899999943,33.68013970000004\",\" -3.772258299999976,33.68567530000007\",\" -3.784704199999965,33.68678190000003\",\" -3.809727399999929,33.67635600000006\",\" -3.834228499999938,33.66306780000008\",\" \"]","zone_2":"[\" -4.78059769999993,32.54319550000002\",\" -4.784374199999945,32.54131430000007\",\" -4.804115299999978,32.53263120000003\",\" -4.82591629999996,32.52539470000005\",\" -4.847373999999945,32.51960500000007\",\" -4.867114999999956,32.51265690000003\",\" -4.899043999999947,32.51164360000007\",\" -4.911575299999925,32.51106460000005\",\" -4.92238999999995,32.51859180000002\",\" -4.938354499999946,32.52032870000005\",\" -4.950027499999976,32.52076300000005\",\" -4.976806599999975,32.51265690000003\",\" -4.993801099999928,32.49789050000004\",\" -5.005130799999961,32.48572810000007\",\" -5.026931799999943,32.47240530000005\",\" -5.032939899999974,32.45444560000004\",\" -5.044612899999947,32.44314660000003\",\" -5.054912599999966,32.43720670000005\",\" -5.073966999999925,32.42416670000006\",\" -5.074310299999979,32.42025430000007\",\" -5.065040599999975,32.41793580000007\",\" -5.045127899999955,32.42184830000008\",\" -5.024528499999974,32.42663000000005\",\" -4.998950999999977,32.42952780000007\",\" -4.977664899999979,32.43416420000006\",\" -4.953975699999944,32.44242220000007\",\" -4.933376299999964,32.44923090000003\",\" -4.910030399999926,32.45589410000002\",\" -4.888229399999943,32.46110850000008\",\" -4.866599999999949,32.46863990000003\",\" -4.825744699999973,32.47356400000007\",\" -4.81372829999998,32.47805330000006\",\" -4.774761199999944,32.50020690000002\",\" -4.732532499999934,32.52365780000002\",\" -4.717426299999943,32.54059080000008\",\" -4.711761499999966,32.55260110000006\",\" -4.714164699999969,32.56012480000004\",\" -4.732360799999981,32.55998010000008\",\" -4.764289899999938,32.54985190000008\",\" -4.78059769999993,32.54319550000002\",\" \"]","zone_3":"","zone_4":"","zone_5":"","zone_6":"","zone_7":"","zone_8":"","zone_9":"","zone_10":"","zone_11":"","zone_12":"","yoast_head":"<!-- This site is optimized with the Yoast SEO plugin v15.6.2 - https:\/\/yoast.com\/wordpress\/plugins\/seo\/ -->\n<title>Ribes alpinum L. - North Africa Trees<\/title>\n<meta name=\"robots\" content=\"noindex, follow\" \/>\n<meta property=\"og:locale\" content=\"fr_FR\" \/>\n<meta property=\"og:type\" content=\"article\" \/>\n<meta property=\"og:title\" content=\"Ribes alpinum L. - North Africa Trees\" \/>\n<meta property=\"og:description\" content=\"Arbuste de 0,5-1,5 m, dio\u00efque, inerme. Tiges plus ou moins droites, parfois intriqu\u00e9es. Rameaux glabres, de couleur gris-argent\u00e9 ou ferrugineux p\u00e2le. Feuilles de (0,7)1-4,5(6) cm de large, palmatifides \u00e0 palmatipartites, \u00e0 3-5 lobules festonn\u00e9s ou incis\u00e9s-serr\u00e9s, le central att\u00e9nu\u00e9 \u00e0 la base ; elles sont cord\u00e9es, tronqu\u00e9es ou rarement att\u00e9nu\u00e9es \u00e0 la base, \u00e0 poils...\" \/>\n<meta property=\"og:url\" content=\"https:\/\/www.northafricatrees.org\/fr\/esp\u00e8ce\/ribes-alpinum-l-3\/\" \/>\n<meta property=\"og:site_name\" content=\"North Africa Trees\" \/>\n<meta property=\"article:modified_time\" content=\"2021-10-11T15:35:26+00:00\" \/>\n<meta name=\"twitter:card\" content=\"summary_large_image\" \/>\n<meta name=\"twitter:label1\" content=\"Dur\u00e9e de lecture est.\">\n\t<meta name=\"twitter:data1\" content=\"1 minute\">\n<script type=\"application\/ld+json\" class=\"yoast-schema-graph\">{\"@context\":\"https:\/\/schema.org\",\"@graph\":[{\"@type\":\"Organization\",\"@id\":\"https:\/\/www.northafricatrees.org\/#organization\",\"name\":\"North \\u00e1frica trees\",\"url\":\"https:\/\/www.northafricatrees.org\/\",\"sameAs\":[],\"logo\":{\"@type\":\"ImageObject\",\"@id\":\"https:\/\/www.northafricatrees.org\/#logo\",\"inLanguage\":\"fr-FR\",\"url\":\"https:\/\/www.northafricatrees.org\/wp-content\/uploads\/2020\/10\/logo-north-africa-trees.png\",\"width\":80,\"height\":70,\"caption\":\"North \\u00e1frica trees\"},\"image\":{\"@id\":\"https:\/\/www.northafricatrees.org\/#logo\"}},{\"@type\":\"WebSite\",\"@id\":\"https:\/\/www.northafricatrees.org\/#website\",\"url\":\"https:\/\/www.northafricatrees.org\/\",\"name\":\"North Africa Trees\",\"description\":\"\\u00c1rboles y arbustos aut\\u00f3ctonos del Norte de \\u00c1frica\",\"publisher\":{\"@id\":\"https:\/\/www.northafricatrees.org\/#organization\"},\"potentialAction\":[{\"@type\":\"SearchAction\",\"target\":\"https:\/\/www.northafricatrees.org\/?s={search_term_string}\",\"query-input\":\"required name=search_term_string\"}],\"inLanguage\":\"fr-FR\"},{\"@type\":\"WebPage\",\"@id\":\"https:\/\/www.northafricatrees.org\/fr\/esp\\u00e8ce\/ribes-alpinum-l-3\/#webpage\",\"url\":\"https:\/\/www.northafricatrees.org\/fr\/esp\\u00e8ce\/ribes-alpinum-l-3\/\",\"name\":\"Ribes alpinum L. - North Africa Trees\",\"isPartOf\":{\"@id\":\"https:\/\/www.northafricatrees.org\/#website\"},\"datePublished\":\"2020-11-10T10:07:13+00:00\",\"dateModified\":\"2021-10-11T15:35:26+00:00\",\"inLanguage\":\"fr-FR\",\"potentialAction\":[{\"@type\":\"ReadAction\",\"target\":[\"https:\/\/www.northafricatrees.org\/fr\/esp\\u00e8ce\/ribes-alpinum-l-3\/\"]}]}]}<\/script>\n<!-- \/ Yoast SEO plugin. -->","_links":{"self":[{"href":"https:\/\/www.northafricatrees.org\/fr\/wp-json\/wp\/v2\/species\/11906"}],"collection":[{"href":"https:\/\/www.northafricatrees.org\/fr\/wp-json\/wp\/v2\/species"}],"about":[{"href":"https:\/\/www.northafricatrees.org\/fr\/wp-json\/wp\/v2\/types\/species"}],"wp:attachment":[{"href":"https:\/\/www.northafricatrees.org\/fr\/wp-json\/wp\/v2\/media?parent=11906"}],"curies":[{"name":"wp","href":"https:\/\/api.w.org\/{rel}","templated":true}]}}

https://www.northafricatrees.org/fr/espèce/ribes-alpinum-l-3/

<p>Arbuste de 0,5-1,5 m, dioïque, inerme. Tiges plus ou moins droites, parfois intriquées. Rameaux glabres, de couleur gris-argenté ou ferrugineux pâle. Feuilles de (0,7)1-4,5(6) cm de large, palmatifides à palmatipartites, à 3-5 lobules festonnés ou incisés-serrés, le central atténué à la base ; elles sont cordées, tronquées ou rarement atténuées à la base, à poils glanduleux longs et épars, et églanduleux généralement plus courts, bien que ces derniers peuvent parfois être absents. Inflorescences en racèmes dressés, les mâles de (0,8)1,5-3(3,8) cm et à jusqu’à 30 fleurs, les femelles de 0,5-2(2,5) cm, à 2-5(8) fleurs ; toutes deux possèdent des poils glanduleux abondants sur l’axe. Bractées de (2,5)3-6(6,5) mm de long, égales ou plus grandes que celles des fleurs, lancéolées ou oblongues, à bord glanduleux et un peu scarieuses. Fleurs de jusqu’à 3,5 mm, à pédicelles de longueur similaire, glanduleux, articulés à proximité de la base. Sépales (1,5-2,5 mm) patents, oblongs à spatulés, légèrement inégaux, obtus, glabres, vert-jaunâtre. Pétales (&lt; 1 mm) verdâtres à pourprés. Étamines un peu plus longues que les pétales chez les fleurs mâles, plus courts et à anthères sans pollen chez les femelles. Le fruit est une baie (5-7 mm) globuleuse, glabre, de couleur rouge.</p>

<em>Fra.</em>: Gadelier alpin, groseillier des Alpes.   <em>Esp</em>.: Grosellero de montaña, tremoncillera, calderilla, cascalleja, cicerolas.   <em>Ang.</em>: Mountain currant.

août-octobre.

Rochers et formations rocheuses des hautes montagnes calcaires et siliceuses à fortes précipitations.

Europe (jusqu’au Caucase et le N. de la Russie) et N. de l’Afrique. Dans cette dernière région, elle apparaît au Maroc, réfugiée à une altitude de 2000-3300 m dans le Moyen Atlas oriental (Djebel Bouiblane, Guelb-er-Rahal et Djebel Tichoukt) et le Haut Atlas oriental (massif de l’Ayachi).

Elle n’est actuellement pas évaluée à l’échelle mondiale dans la Liste rouge des espèces de l’UICN. Dans le N. de l’Afrique, il s’agit d’une espèce très rare qui, si elle venait à être évaluée à l’échelle nationale et/ou régionale, serait probablement considérée comme menacée.

Ribes alpinum. 1. Jesús Charco

Ribes alpinum. Rameaux avec feuilles et fleurs. Jesús Charco

<!-- This site is optimized with the Yoast SEO plugin v15.6.2 - https://yoast.com/wordpress/plugins/seo/ -->
<title>Ribes alpinum L. - North Africa Trees</title>
<meta name="robots" content="noindex, follow" />
<meta property="og:locale" content="fr_FR" />
<meta property="og:type" content="article" />
<meta property="og:title" content="Ribes alpinum L. - North Africa Trees" />
<meta property="og:description" content="Arbuste de 0,5-1,5 m, dioïque, inerme. Tiges plus ou moins droites, parfois intriquées. Rameaux glabres, de couleur gris-argenté ou ferrugineux pâle. Feuilles de (0,7)1-4,5(6) cm de large, palmatifides à palmatipartites, à 3-5 lobules festonnés ou incisés-serrés, le central atténué à la base ; elles sont cordées, tronquées ou rarement atténuées à la base, à poils..." />
<meta property="og:url" content="https://www.northafricatrees.org/fr/espèce/ribes-alpinum-l-3/" />
<meta property="og:site_name" content="North Africa Trees" />
<meta property="article:modified_time" content="2021-10-11T15:35:26+00:00" />
<meta name="twitter:card" content="summary_large_image" />
<meta name="twitter:label1" content="Durée de lecture est.">
	<meta name="twitter:data1" content="1 minute">
<script type="application/ld+json" class="yoast-schema-graph">{"@context":"https://schema.org","@graph":[{"@type":"Organization","@id":"https://www.northafricatrees.org/#organization","name":"North \u00e1frica trees","url":"https://www.northafricatrees.org/","sameAs":[],"logo":{"@type":"ImageObject","@id":"https://www.northafricatrees.org/#logo","inLanguage":"fr-FR","url":"https://www.northafricatrees.org/wp-content/uploads/2020/10/logo-north-africa-trees.png","width":80,"height":70,"caption":"North \u00e1frica trees"},"image":{"@id":"https://www.northafricatrees.org/#logo"}},{"@type":"WebSite","@id":"https://www.northafricatrees.org/#website","url":"https://www.northafricatrees.org/","name":"North Africa Trees","description":"\u00c1rboles y arbustos aut\u00f3ctonos del Norte de \u00c1frica","publisher":{"@id":"https://www.northafricatrees.org/#organization"},"potentialAction":[{"@type":"SearchAction","target":"https://www.northafricatrees.org/?s={search_term_string}","query-input":"required name=search_term_string"}],"inLanguage":"fr-FR"},{"@type":"WebPage","@id":"https://www.northafricatrees.org/fr/esp\u00e8ce/ribes-alpinum-l-3/#webpage","url":"https://www.northafricatrees.org/fr/esp\u00e8ce/ribes-alpinum-l-3/","name":"Ribes alpinum L. - North Africa Trees","isPartOf":{"@id":"https://www.northafricatrees.org/#website"},"datePublished":"2020-11-10T10:07:13+00:00","dateModified":"2021-10-11T15:35:26+00:00","inLanguage":"fr-FR","potentialAction":[{"@type":"ReadAction","target":["https://www.northafricatrees.org/fr/esp\u00e8ce/ribes-alpinum-l-3/"]}]}]}</script>
<!-- / Yoast SEO plugin. -->
