{"id":11568,"date":"2020-11-10T09:01:48","date_gmt":"2020-11-10T09:01:48","guid":{"rendered":"https:\/\/www.northafricatrees.org\/genus\/retama-raf\/"},"modified":"2021-02-11T11:44:28","modified_gmt":"2021-02-11T11:44:28","slug":"retama-raf","status":"publish","type":"genus","link":"https:\/\/www.northafricatrees.org\/fr\/genres\/retama-raf\/","title":{"rendered":"Retama Raf."},"content":{"rendered":"<p>Genre repr\u00e9sent\u00e9 dans la r\u00e9gion m\u00e9diterran\u00e9enne et les \u00eeles Canaries. Il comprend 4 esp\u00e8ces, toutes pr\u00e9sentes dans le territoire, dont une est end\u00e9mique.<\/p>\n","protected":false},"template":"","short_name":"Retama","name_html":"<strong>Retama<\/strong> Raf.","short_description":"","references":"Vicioso, C. 1955. Gen\u00edsteas espa\u00f1olas. II. <em>Erinacea, Spartium, Retama, Chamaecytisus, Cytisus, Sarothamnus, Calicotome, Adenocarpus<\/em>. <em>Bol. Inst. Forest. Invest. Exp<\/em>. 72: 169-175.\r\n\r\nZohary, M. 1959. A revision of the genus <em>Retama<\/em>. <em>Bull. Res. Council Israel, Sect. D., Bot.<\/em> 7: 1-12.","custom_author":"J. A.Devesa & G. Mart\u00ednez-Sagarra.","family":false,"species":false,"groups_keys":[{"ID":23487,"post_title":"Corolle blanche","post_content":"","post_excerpt":"","post_author":"1","post_date":"2021-01-07 10:48:38","post_date_gmt":"2021-01-07 10:48:38","post_status":"publish","comment_status":"closed","ping_status":"closed","post_password":"","post_name":"corolle-blanche","to_ping":"","pinged":"","post_modified":"2021-01-07 10:48:38","post_modified_gmt":"2021-01-07 10:48:38","post_content_filtered":"","post_parent":[],"guid":"https:\/\/www.northafricatrees.org\/genus-group-key\/corolle-blanche\/","menu_order":0,"post_type":"genus_group_key","post_mime_type":"","comment_count":"0","comments":false,"id":23487},{"ID":23490,"post_title":"Corolle jaune","post_content":"","post_excerpt":"","post_author":"1","post_date":"2021-01-07 10:48:39","post_date_gmt":"2021-01-07 10:48:39","post_status":"publish","comment_status":"closed","ping_status":"closed","post_password":"","post_name":"corolle-jaune","to_ping":"","pinged":"","post_modified":"2021-01-07 10:48:39","post_modified_gmt":"2021-01-07 10:48:39","post_content_filtered":"","post_parent":[],"guid":"https:\/\/www.northafricatrees.org\/genus-group-key\/corolle-jaune\/","menu_order":0,"post_type":"genus_group_key","post_mime_type":"","comment_count":"0","comments":false,"id":23490},{"ID":35548,"post_title":"Calice et gousse poilus","post_content":"","post_excerpt":"","post_author":"1","post_date":"2021-02-23 14:24:48","post_date_gmt":"2021-02-23 14:24:48","post_status":"publish","comment_status":"closed","ping_status":"closed","post_password":"","post_name":"calice-et-gousse-poilus","to_ping":"","pinged":"","post_modified":"2021-02-23 14:24:48","post_modified_gmt":"2021-02-23 14:24:48","post_content_filtered":"","post_parent":[],"guid":"https:\/\/www.northafricatrees.org\/genus-group-key\/calice-et-gousse-poilus\/","menu_order":0,"post_type":"genus_group_key","post_mime_type":"","comment_count":"0","comments":false,"id":35548},{"ID":35551,"post_title":"Corolle de 9-15 mm, \u00e0 car\u00e8ne aigu\u00eb, acumin\u00e9e. Gousse nettement car\u00e9n\u00e9e au niveau de la ligne de suture","post_content":"","post_excerpt":"","post_author":"1","post_date":"2021-02-23 14:24:49","post_date_gmt":"2021-02-23 14:24:49","post_status":"publish","comment_status":"closed","ping_status":"closed","post_password":"","post_name":"corolle-de-9-15-mm-a-carene-aigue-acuminee-gousse-nettement-carenee-au-niveau-de-la-ligne-de-suture","to_ping":"","pinged":"","post_modified":"2021-02-23 14:24:49","post_modified_gmt":"2021-02-23 14:24:49","post_content_filtered":"","post_parent":[],"guid":"https:\/\/www.northafricatrees.org\/genus-group-key\/corolle-de-9-15-mm-a-carene-aigue-acuminee-gousse-nettement-carenee-au-niveau-de-la-ligne-de-suture\/","menu_order":0,"post_type":"genus_group_key","post_mime_type":"","comment_count":"0","comments":false,"id":35551},{"ID":35554,"post_title":"Corolle de 7-10 mm, \u00e0 car\u00e8ne obtuse. Gousse non car\u00e9n\u00e9e","post_content":"","post_excerpt":"","post_author":"1","post_date":"2021-02-23 14:24:51","post_date_gmt":"2021-02-23 14:24:51","post_status":"publish","comment_status":"closed","ping_status":"closed","post_password":"","post_name":"corolle-de-7-10-mm-a-carene-obtuse-gousse-non-carenee","to_ping":"","pinged":"","post_modified":"2021-02-23 14:24:51","post_modified_gmt":"2021-02-23 14:24:51","post_content_filtered":"","post_parent":[],"guid":"https:\/\/www.northafricatrees.org\/genus-group-key\/corolle-de-7-10-mm-a-carene-obtuse-gousse-non-carenee\/","menu_order":0,"post_type":"genus_group_key","post_mime_type":"","comment_count":"0","comments":false,"id":35554},{"ID":35557,"post_title":"Calice et gousse glabres","post_content":"","post_excerpt":"","post_author":"1","post_date":"2021-02-23 14:24:52","post_date_gmt":"2021-02-23 14:24:52","post_status":"publish","comment_status":"closed","ping_status":"closed","post_password":"","post_name":"calice-et-gousse-glabres","to_ping":"","pinged":"","post_modified":"2021-02-23 14:24:52","post_modified_gmt":"2021-02-23 14:24:52","post_content_filtered":"","post_parent":[],"guid":"https:\/\/www.northafricatrees.org\/genus-group-key\/calice-et-gousse-glabres\/","menu_order":0,"post_type":"genus_group_key","post_mime_type":"","comment_count":"0","comments":false,"id":35557}],"title_groups_keys":false,"groups_keys_2":false,"title_groups_keys_2":false,"groups_keys_3":false,"title_groups_keys_3":false,"images":false,"yoast_head":"<!-- This site is optimized with the Yoast SEO plugin v15.6.2 - https:\/\/yoast.com\/wordpress\/plugins\/seo\/ -->\n<title>Retama Raf. - North Africa Trees<\/title>\n<meta name=\"robots\" content=\"noindex, follow\" \/>\n<meta property=\"og:locale\" content=\"fr_FR\" \/>\n<meta property=\"og:type\" content=\"article\" \/>\n<meta property=\"og:title\" content=\"Retama Raf. - North Africa Trees\" \/>\n<meta property=\"og:description\" content=\"Genre repr\u00e9sent\u00e9 dans la r\u00e9gion m\u00e9diterran\u00e9enne et les \u00eeles Canaries. Il comprend 4 esp\u00e8ces, toutes pr\u00e9sentes dans le territoire, dont une est end\u00e9mique.\" \/>\n<meta property=\"og:url\" content=\"https:\/\/www.northafricatrees.org\/fr\/genres\/retama-raf\/\" \/>\n<meta property=\"og:site_name\" content=\"North Africa Trees\" \/>\n<meta property=\"article:modified_time\" content=\"2021-02-11T11:44:28+00:00\" \/>\n<meta name=\"twitter:card\" content=\"summary_large_image\" \/>\n<script type=\"application\/ld+json\" class=\"yoast-schema-graph\">{\"@context\":\"https:\/\/schema.org\",\"@graph\":[{\"@type\":\"Organization\",\"@id\":\"https:\/\/www.northafricatrees.org\/#organization\",\"name\":\"North \\u00e1frica trees\",\"url\":\"https:\/\/www.northafricatrees.org\/\",\"sameAs\":[],\"logo\":{\"@type\":\"ImageObject\",\"@id\":\"https:\/\/www.northafricatrees.org\/#logo\",\"inLanguage\":\"fr-FR\",\"url\":\"https:\/\/www.northafricatrees.org\/wp-content\/uploads\/2020\/10\/logo-north-africa-trees.png\",\"width\":80,\"height\":70,\"caption\":\"North \\u00e1frica trees\"},\"image\":{\"@id\":\"https:\/\/www.northafricatrees.org\/#logo\"}},{\"@type\":\"WebSite\",\"@id\":\"https:\/\/www.northafricatrees.org\/#website\",\"url\":\"https:\/\/www.northafricatrees.org\/\",\"name\":\"North Africa Trees\",\"description\":\"\\u00c1rboles y arbustos aut\\u00f3ctonos del Norte de \\u00c1frica\",\"publisher\":{\"@id\":\"https:\/\/www.northafricatrees.org\/#organization\"},\"potentialAction\":[{\"@type\":\"SearchAction\",\"target\":\"https:\/\/www.northafricatrees.org\/?s={search_term_string}\",\"query-input\":\"required name=search_term_string\"}],\"inLanguage\":\"fr-FR\"},{\"@type\":\"WebPage\",\"@id\":\"https:\/\/www.northafricatrees.org\/fr\/genres\/retama-raf\/#webpage\",\"url\":\"https:\/\/www.northafricatrees.org\/fr\/genres\/retama-raf\/\",\"name\":\"Retama Raf. - North Africa Trees\",\"isPartOf\":{\"@id\":\"https:\/\/www.northafricatrees.org\/#website\"},\"datePublished\":\"2020-11-10T09:01:48+00:00\",\"dateModified\":\"2021-02-11T11:44:28+00:00\",\"inLanguage\":\"fr-FR\",\"potentialAction\":[{\"@type\":\"ReadAction\",\"target\":[\"https:\/\/www.northafricatrees.org\/fr\/genres\/retama-raf\/\"]}]}]}<\/script>\n<!-- \/ Yoast SEO plugin. -->","_links":{"self":[{"href":"https:\/\/www.northafricatrees.org\/fr\/wp-json\/wp\/v2\/genus\/11568"}],"collection":[{"href":"https:\/\/www.northafricatrees.org\/fr\/wp-json\/wp\/v2\/genus"}],"about":[{"href":"https:\/\/www.northafricatrees.org\/fr\/wp-json\/wp\/v2\/types\/genus"}],"wp:attachment":[{"href":"https:\/\/www.northafricatrees.org\/fr\/wp-json\/wp\/v2\/media?parent=11568"}],"curies":[{"name":"wp","href":"https:\/\/api.w.org\/{rel}","templated":true}]}}

<p>Genre représenté dans la région méditerranéenne et les îles Canaries. Il comprend 4 espèces, toutes présentes dans le territoire, dont une est endémique.</p>

Vicioso, C. 1955. Genísteas españolas. II. <em>Erinacea, Spartium, Retama, Chamaecytisus, Cytisus, Sarothamnus, Calicotome, Adenocarpus</em>. <em>Bol. Inst. Forest. Invest. Exp</em>. 72: 169-175.

Zohary, M. 1959. A revision of the genus <em>Retama</em>. <em>Bull. Res. Council Israel, Sect. D., Bot.</em> 7: 1-12.

J. A.Devesa & G. Martínez-Sagarra.

Corolle de 9-15 mm, à carène aiguë, acuminée. Gousse nettement carénée au niveau de la ligne de suture

Corolle de 7-10 mm, à carène obtuse. Gousse non carénée

<!-- This site is optimized with the Yoast SEO plugin v15.6.2 - https://yoast.com/wordpress/plugins/seo/ -->
<title>Retama Raf. - North Africa Trees</title>
<meta name="robots" content="noindex, follow" />
<meta property="og:locale" content="fr_FR" />
<meta property="og:type" content="article" />
<meta property="og:title" content="Retama Raf. - North Africa Trees" />
<meta property="og:description" content="Genre représenté dans la région méditerranéenne et les îles Canaries. Il comprend 4 espèces, toutes présentes dans le territoire, dont une est endémique." />
<meta property="og:url" content="https://www.northafricatrees.org/fr/genres/retama-raf/" />
<meta property="og:site_name" content="North Africa Trees" />
<meta property="article:modified_time" content="2021-02-11T11:44:28+00:00" />
<meta name="twitter:card" content="summary_large_image" />
<script type="application/ld+json" class="yoast-schema-graph">{"@context":"https://schema.org","@graph":[{"@type":"Organization","@id":"https://www.northafricatrees.org/#organization","name":"North \u00e1frica trees","url":"https://www.northafricatrees.org/","sameAs":[],"logo":{"@type":"ImageObject","@id":"https://www.northafricatrees.org/#logo","inLanguage":"fr-FR","url":"https://www.northafricatrees.org/wp-content/uploads/2020/10/logo-north-africa-trees.png","width":80,"height":70,"caption":"North \u00e1frica trees"},"image":{"@id":"https://www.northafricatrees.org/#logo"}},{"@type":"WebSite","@id":"https://www.northafricatrees.org/#website","url":"https://www.northafricatrees.org/","name":"North Africa Trees","description":"\u00c1rboles y arbustos aut\u00f3ctonos del Norte de \u00c1frica","publisher":{"@id":"https://www.northafricatrees.org/#organization"},"potentialAction":[{"@type":"SearchAction","target":"https://www.northafricatrees.org/?s={search_term_string}","query-input":"required name=search_term_string"}],"inLanguage":"fr-FR"},{"@type":"WebPage","@id":"https://www.northafricatrees.org/fr/genres/retama-raf/#webpage","url":"https://www.northafricatrees.org/fr/genres/retama-raf/","name":"Retama Raf. - North Africa Trees","isPartOf":{"@id":"https://www.northafricatrees.org/#website"},"datePublished":"2020-11-10T09:01:48+00:00","dateModified":"2021-02-11T11:44:28+00:00","inLanguage":"fr-FR","potentialAction":[{"@type":"ReadAction","target":["https://www.northafricatrees.org/fr/genres/retama-raf/"]}]}]}</script>
<!-- / Yoast SEO plugin. -->
