{"id":11025,"date":"2020-11-10T09:01:11","date_gmt":"2020-11-10T09:01:11","guid":{"rendered":"https:\/\/www.northafricatrees.org\/genus\/hedera-l\/"},"modified":"2023-05-23T18:22:55","modified_gmt":"2023-05-23T18:22:55","slug":"hedera-l","status":"publish","type":"genus","link":"https:\/\/www.northafricatrees.org\/fr\/genres\/hedera-l\/","title":{"rendered":"Hedera L."},"content":{"rendered":"<p>Genre comprenant environ 17 esp\u00e8ces, \u00e0 aire de r\u00e9partition pal\u00e9arctique. Une seule esp\u00e8ce, <em>H. helix<\/em>, \u00e9tait traditionnellement reconnue dans le Pal\u00e9arctique occidental, mais des \u00e9tudes r\u00e9centes l&rsquo;ont diversifi\u00e9 en plusieurs esp\u00e8ces. Il est repr\u00e9sent\u00e9 dans le N. de l&rsquo;Afrique par 3 esp\u00e8ces autochtones. Une quatri\u00e8me esp\u00e8ce est <em>H. canariensis<\/em> Willd. [<em>H. helix<\/em> subsp. <em>canariensis<\/em> (Willd.) Cout.], une esp\u00e8ce consid\u00e9r\u00e9e comme end\u00e9mique des \u00eeles Canaries qui a \u00e9t\u00e9 cit\u00e9e dans certaines localit\u00e9s du sud-ouest marocain. Dobignard (2002) a not\u00e9 que le mat\u00e9riel d&rsquo;Ida-Ou-Tanane (Haut Atlas) et du djebel Kest (Anti-Atlas) m\u00e9riterait une r\u00e9vision. Cependant, la pr\u00e9sence de cette esp\u00e8ce sur le continent africain reste non confirm\u00e9e.<\/p>\n","protected":false},"template":"","short_name":"Hedera","name_html":"<strong>Hedera<\/strong> L.","short_description":"","references":"Ackerfield, J. &amp; Wen, J. 2002. A morphometric analysis of <em>Hedera<\/em> L. (the ivy genus, Araliaceae) and its taxonomic implications. <em>Adansonia<\/em>, S\u00e9r. 3, 24(2): 197-212.\r\n\r\nDobignard, A. 2002. Contributions \u00e0 la connaissance de la flore du Maroc et de l\u2019Afrique du Nord. <em>Nouv. s\u00e9r. 1. Journal de Botanique<\/em> 20: 5-43.\r\n\r\nMcAllister, H.A. &amp; Marshall, R. 2017. <em>Hedera: The Complete Guide<\/em>. RHS Horticultural Monographs. 429 pp.\r\n\r\nVargas, P., Mcallister, H.A., Morton, C., Jury S.L. &amp; M.J. Wilkinson. 1999. Polyploid speciation in <em>Hedera<\/em> (Araliaceae): phylogenetic and biogeographic insights based on chromosomes counts and ITS sequences. <em>Pl. Syst. Evol<\/em>. 219: 165-179..","custom_author":"J.A Garrido & F.J. P\u00e9rez Garc\u00eda.","family":false,"species":false,"groups_keys":[{"ID":24747,"post_title":"Feuilles de taille moyenne (5-11 \u00d7 6-10 cm), \u00e0 3-5 lobes tr\u00e8s marqu\u00e9s,  le central g\u00e9n\u00e9ralement plus allong\u00e9","post_content":"","post_excerpt":"","post_author":"1","post_date":"2021-01-07 10:52:12","post_date_gmt":"2021-01-07 10:52:12","post_status":"publish","comment_status":"closed","ping_status":"closed","post_password":"","post_name":"feuilles-de-taille-moyenne-5-11-x-6-10-cm-a-3-5-lobes-tres-marques-le-central-generalement-plus-allonge","to_ping":"","pinged":"","post_modified":"2021-01-07 10:52:12","post_modified_gmt":"2021-01-07 10:52:12","post_content_filtered":"","post_parent":[],"guid":"https:\/\/www.northafricatrees.org\/genus-group-key\/feuilles-de-taille-moyenne-5-11-x-6-10-cm-a-3-5-lobes-tres-marques-le-central-generalement-plus-allonge\/","menu_order":0,"post_type":"genus_group_key","post_mime_type":"","comment_count":"0","comments":false,"id":24747},{"ID":35086,"post_title":"Feuilles grandes (8-11 \u00d7 8-10 cm de long), brillantes, \u00e0 3 lobes peu marqu\u00e9s","post_content":"","post_excerpt":"","post_author":"1","post_date":"2021-02-23 14:22:19","post_date_gmt":"2021-02-23 14:22:19","post_status":"publish","comment_status":"closed","ping_status":"closed","post_password":"","post_name":"feuilles-grandes-8-11-x-8-10-cm-de-long-brillantes-a-3-lobes-peu-marques","to_ping":"","pinged":"","post_modified":"2021-02-23 14:22:19","post_modified_gmt":"2021-02-23 14:22:19","post_content_filtered":"","post_parent":[],"guid":"https:\/\/www.northafricatrees.org\/genus-group-key\/feuilles-grandes-8-11-x-8-10-cm-de-long-brillantes-a-3-lobes-peu-marques\/","menu_order":0,"post_type":"genus_group_key","post_mime_type":"","comment_count":"0","comments":false,"id":35086},{"ID":35092,"post_title":"Trichomes \u00e0 nombreux rayons (6-24). Feuilles peu coriaces, tronqu\u00e9es ou cun\u00e9iformes \u00e0 la base, \u00e0 3(5) lobes g\u00e9n\u00e9ralement allong\u00e9s  et \u00e9troits, qui pour la plupart ne ressemblent pas \u00e0 celles typiques d\u2019un lierre","post_content":"","post_excerpt":"","post_author":"1","post_date":"2021-02-23 14:22:21","post_date_gmt":"2021-02-23 14:22:21","post_status":"publish","comment_status":"closed","ping_status":"closed","post_password":"","post_name":"trichomes-a-nombreux-rayons-6-24-feuilles-peu-coriaces-tronquees-ou-cuneiformes-a-la-base-a-35-lobes-generalement-allonges-et-etroits-qui-pour-la-plupart-ne-ressemblent-pas-a-celles-typiques","to_ping":"","pinged":"","post_modified":"2021-02-23 14:22:21","post_modified_gmt":"2021-02-23 14:22:21","post_content_filtered":"","post_parent":[],"guid":"https:\/\/www.northafricatrees.org\/genus-group-key\/trichomes-a-nombreux-rayons-6-24-feuilles-peu-coriaces-tronquees-ou-cuneiformes-a-la-base-a-35-lobes-generalement-allonges-et-etroits-qui-pour-la-plupart-ne-ressemblent-pas-a-celles-typiques\/","menu_order":0,"post_type":"genus_group_key","post_mime_type":"","comment_count":"0","comments":false,"id":35092},{"ID":35089,"post_title":"Trichomes \u00e0 rayons peu nombreux (4-9). Feuilles relativement coriaces, cordiformes \u00e0 la base, \u00e0 3(5) lobes courts et larges, qui pr\u00e9sentent la forme consid\u00e9r\u00e9e typique de celles du lierre","post_content":"","post_excerpt":"","post_author":"1","post_date":"2021-02-23 14:22:20","post_date_gmt":"2021-02-23 14:22:20","post_status":"publish","comment_status":"closed","ping_status":"closed","post_password":"","post_name":"trichomes-a-rayons-peu-nombreux-4-9-feuilles-relativement-coriaces-cordiformes-a-la-base-a-35-lobes-courts-et-larges-qui-presentent-la-forme-consideree-typique-de-celles-du-lierre","to_ping":"","pinged":"","post_modified":"2023-05-23 18:24:52","post_modified_gmt":"2023-05-23 18:24:52","post_content_filtered":"","post_parent":[],"guid":"https:\/\/www.northafricatrees.org\/genus-group-key\/trichomes-a-rayons-peu-nombreux-4-9-feuilles-relativement-coriaces-cordiformes-a-la-base-a-35-lobes-courts-et-larges-qui-presentent-la-forme-consideree-typique-de-celles-du-lierre\/","menu_order":0,"post_type":"genus_group_key","post_mime_type":"","comment_count":"0","comments":false,"id":35089}],"title_groups_keys":false,"groups_keys_2":false,"title_groups_keys_2":false,"groups_keys_3":false,"title_groups_keys_3":false,"images":false,"yoast_head":"<!-- This site is optimized with the Yoast SEO plugin v15.6.2 - https:\/\/yoast.com\/wordpress\/plugins\/seo\/ -->\n<title>Hedera L. - North Africa Trees<\/title>\n<meta name=\"robots\" content=\"noindex, follow\" \/>\n<meta property=\"og:locale\" content=\"fr_FR\" \/>\n<meta property=\"og:type\" content=\"article\" \/>\n<meta property=\"og:title\" content=\"Hedera L. - North Africa Trees\" \/>\n<meta property=\"og:description\" content=\"Genre comprenant environ 17 esp\u00e8ces, \u00e0 aire de r\u00e9partition pal\u00e9arctique. Une seule esp\u00e8ce, H. helix, \u00e9tait traditionnellement reconnue dans le Pal\u00e9arctique occidental, mais des \u00e9tudes r\u00e9centes l&rsquo;ont diversifi\u00e9 en plusieurs esp\u00e8ces. Il est repr\u00e9sent\u00e9 dans le N. de l&rsquo;Afrique par 3 esp\u00e8ces autochtones. Une quatri\u00e8me esp\u00e8ce est H. canariensis Willd. [H. helix subsp. canariensis (Willd.)...\" \/>\n<meta property=\"og:url\" content=\"https:\/\/www.northafricatrees.org\/fr\/genres\/hedera-l\/\" \/>\n<meta property=\"og:site_name\" content=\"North Africa Trees\" \/>\n<meta property=\"article:modified_time\" content=\"2023-05-23T18:22:55+00:00\" \/>\n<meta name=\"twitter:card\" content=\"summary_large_image\" \/>\n<meta name=\"twitter:label1\" content=\"Dur\u00e9e de lecture est.\">\n\t<meta name=\"twitter:data1\" content=\"1 minute\">\n<script type=\"application\/ld+json\" class=\"yoast-schema-graph\">{\"@context\":\"https:\/\/schema.org\",\"@graph\":[{\"@type\":\"Organization\",\"@id\":\"https:\/\/www.northafricatrees.org\/#organization\",\"name\":\"North \\u00e1frica trees\",\"url\":\"https:\/\/www.northafricatrees.org\/\",\"sameAs\":[],\"logo\":{\"@type\":\"ImageObject\",\"@id\":\"https:\/\/www.northafricatrees.org\/#logo\",\"inLanguage\":\"fr-FR\",\"url\":\"https:\/\/www.northafricatrees.org\/wp-content\/uploads\/2020\/10\/logo-north-africa-trees.png\",\"width\":80,\"height\":70,\"caption\":\"North \\u00e1frica trees\"},\"image\":{\"@id\":\"https:\/\/www.northafricatrees.org\/#logo\"}},{\"@type\":\"WebSite\",\"@id\":\"https:\/\/www.northafricatrees.org\/#website\",\"url\":\"https:\/\/www.northafricatrees.org\/\",\"name\":\"North Africa Trees\",\"description\":\"\\u00c1rboles y arbustos aut\\u00f3ctonos del Norte de \\u00c1frica\",\"publisher\":{\"@id\":\"https:\/\/www.northafricatrees.org\/#organization\"},\"potentialAction\":[{\"@type\":\"SearchAction\",\"target\":\"https:\/\/www.northafricatrees.org\/?s={search_term_string}\",\"query-input\":\"required name=search_term_string\"}],\"inLanguage\":\"fr-FR\"},{\"@type\":\"WebPage\",\"@id\":\"https:\/\/www.northafricatrees.org\/fr\/genres\/hedera-l\/#webpage\",\"url\":\"https:\/\/www.northafricatrees.org\/fr\/genres\/hedera-l\/\",\"name\":\"Hedera L. - North Africa Trees\",\"isPartOf\":{\"@id\":\"https:\/\/www.northafricatrees.org\/#website\"},\"datePublished\":\"2020-11-10T09:01:11+00:00\",\"dateModified\":\"2023-05-23T18:22:55+00:00\",\"inLanguage\":\"fr-FR\",\"potentialAction\":[{\"@type\":\"ReadAction\",\"target\":[\"https:\/\/www.northafricatrees.org\/fr\/genres\/hedera-l\/\"]}]}]}<\/script>\n<!-- \/ Yoast SEO plugin. -->","_links":{"self":[{"href":"https:\/\/www.northafricatrees.org\/fr\/wp-json\/wp\/v2\/genus\/11025"}],"collection":[{"href":"https:\/\/www.northafricatrees.org\/fr\/wp-json\/wp\/v2\/genus"}],"about":[{"href":"https:\/\/www.northafricatrees.org\/fr\/wp-json\/wp\/v2\/types\/genus"}],"wp:attachment":[{"href":"https:\/\/www.northafricatrees.org\/fr\/wp-json\/wp\/v2\/media?parent=11025"}],"curies":[{"name":"wp","href":"https:\/\/api.w.org\/{rel}","templated":true}]}}

<p>Genre comprenant environ 17 espèces, à aire de répartition paléarctique. Une seule espèce, <em>H. helix</em>, était traditionnellement reconnue dans le Paléarctique occidental, mais des études récentes l&rsquo;ont diversifié en plusieurs espèces. Il est représenté dans le N. de l&rsquo;Afrique par 3 espèces autochtones. Une quatrième espèce est <em>H. canariensis</em> Willd. [<em>H. helix</em> subsp. <em>canariensis</em> (Willd.) Cout.], une espèce considérée comme endémique des îles Canaries qui a été citée dans certaines localités du sud-ouest marocain. Dobignard (2002) a noté que le matériel d&rsquo;Ida-Ou-Tanane (Haut Atlas) et du djebel Kest (Anti-Atlas) mériterait une révision. Cependant, la présence de cette espèce sur le continent africain reste non confirmée.</p>

Ackerfield, J. &amp; Wen, J. 2002. A morphometric analysis of <em>Hedera</em> L. (the ivy genus, Araliaceae) and its taxonomic implications. <em>Adansonia</em>, Sér. 3, 24(2): 197-212.

Dobignard, A. 2002. Contributions à la connaissance de la flore du Maroc et de l’Afrique du Nord. <em>Nouv. sér. 1. Journal de Botanique</em> 20: 5-43.

McAllister, H.A. &amp; Marshall, R. 2017. <em>Hedera: The Complete Guide</em>. RHS Horticultural Monographs. 429 pp.

Vargas, P., Mcallister, H.A., Morton, C., Jury S.L. &amp; M.J. Wilkinson. 1999. Polyploid speciation in <em>Hedera</em> (Araliaceae): phylogenetic and biogeographic insights based on chromosomes counts and ITS sequences. <em>Pl. Syst. Evol</em>. 219: 165-179..

J.A Garrido & F.J. Pérez García.

Feuilles de taille moyenne (5-11 × 6-10 cm), à 3-5 lobes très marqués,  le central généralement plus allongé

Feuilles grandes (8-11 × 8-10 cm de long), brillantes, à 3 lobes peu marqués

Trichomes à nombreux rayons (6-24). Feuilles peu coriaces, tronquées ou cunéiformes à la base, à 3(5) lobes généralement allongés  et étroits, qui pour la plupart ne ressemblent pas à celles typiques d’un lierre

Trichomes à rayons peu nombreux (4-9). Feuilles relativement coriaces, cordiformes à la base, à 3(5) lobes courts et larges, qui présentent la forme considérée typique de celles du lierre

<!-- This site is optimized with the Yoast SEO plugin v15.6.2 - https://yoast.com/wordpress/plugins/seo/ -->
<title>Hedera L. - North Africa Trees</title>
<meta name="robots" content="noindex, follow" />
<meta property="og:locale" content="fr_FR" />
<meta property="og:type" content="article" />
<meta property="og:title" content="Hedera L. - North Africa Trees" />
<meta property="og:description" content="Genre comprenant environ 17 espèces, à aire de répartition paléarctique. Une seule espèce, H. helix, était traditionnellement reconnue dans le Paléarctique occidental, mais des études récentes l&rsquo;ont diversifié en plusieurs espèces. Il est représenté dans le N. de l&rsquo;Afrique par 3 espèces autochtones. Une quatrième espèce est H. canariensis Willd. [H. helix subsp. canariensis (Willd.)..." />
<meta property="og:url" content="https://www.northafricatrees.org/fr/genres/hedera-l/" />
<meta property="og:site_name" content="North Africa Trees" />
<meta property="article:modified_time" content="2023-05-23T18:22:55+00:00" />
<meta name="twitter:card" content="summary_large_image" />
<meta name="twitter:label1" content="Durée de lecture est.">
	<meta name="twitter:data1" content="1 minute">
<script type="application/ld+json" class="yoast-schema-graph">{"@context":"https://schema.org","@graph":[{"@type":"Organization","@id":"https://www.northafricatrees.org/#organization","name":"North \u00e1frica trees","url":"https://www.northafricatrees.org/","sameAs":[],"logo":{"@type":"ImageObject","@id":"https://www.northafricatrees.org/#logo","inLanguage":"fr-FR","url":"https://www.northafricatrees.org/wp-content/uploads/2020/10/logo-north-africa-trees.png","width":80,"height":70,"caption":"North \u00e1frica trees"},"image":{"@id":"https://www.northafricatrees.org/#logo"}},{"@type":"WebSite","@id":"https://www.northafricatrees.org/#website","url":"https://www.northafricatrees.org/","name":"North Africa Trees","description":"\u00c1rboles y arbustos aut\u00f3ctonos del Norte de \u00c1frica","publisher":{"@id":"https://www.northafricatrees.org/#organization"},"potentialAction":[{"@type":"SearchAction","target":"https://www.northafricatrees.org/?s={search_term_string}","query-input":"required name=search_term_string"}],"inLanguage":"fr-FR"},{"@type":"WebPage","@id":"https://www.northafricatrees.org/fr/genres/hedera-l/#webpage","url":"https://www.northafricatrees.org/fr/genres/hedera-l/","name":"Hedera L. - North Africa Trees","isPartOf":{"@id":"https://www.northafricatrees.org/#website"},"datePublished":"2020-11-10T09:01:11+00:00","dateModified":"2023-05-23T18:22:55+00:00","inLanguage":"fr-FR","potentialAction":[{"@type":"ReadAction","target":["https://www.northafricatrees.org/fr/genres/hedera-l/"]}]}]}</script>
<!-- / Yoast SEO plugin. -->
